{"id":4611,"date":"2025-12-05T12:10:25","date_gmt":"2025-12-05T15:10:25","guid":{"rendered":"https:\/\/ptbr.idor.org\/pesquisador\/stevens-rehen\/"},"modified":"2026-01-21T15:47:17","modified_gmt":"2026-01-21T18:47:17","slug":"stevens-rehen","status":"publish","type":"pesquisador","link":"https:\/\/www.rededorsaoluiz.com.br\/instituto\/idor\/post_scientists\/stevens-rehen\/","title":{"rendered":"Stevens Rehen"},"content":{"rendered":"<p>Stevens Rehen \u00e9 um neurocientista do Instituto D&#8217;Or de Pesquisa e Ensino (IDOR) no Brasil e atua como Pesquisador Associado na Promega Corporation e no Instituto Usona. Ele \u00e9 Membro Afiliado da Academia de Ci\u00eancias da Am\u00e9rica Latina e da Academia de Ci\u00eancias do Mundo em Desenvolvimento (TWAS). Entre suas honrarias est\u00e3o a Ordem Nacional do M\u00e9rito Cient\u00edfico (Comendador, Brasil) e a Bolsa do Programa Latino-Americano PEW em Ci\u00eancias Biom\u00e9dicas. Ele det\u00e9m um cargo n\u00e3o remunerado de professor na Universidade Federal do Rio de Janeiro e foi reconhecido com o Pr\u00eamio Internacional Fiocruz Servier para Neuroci\u00eancias e o Pr\u00eamio Fulbright de Professor Visitante. Stevens Rehen tamb\u00e9m foi Presidente da Sociedade Brasileira de Neuroci\u00eancias e Comportamento. Seu foco principal de pesquisa \u00e9 sobre os efeitos dos psicod\u00e9licos em organoides cerebrais humanos e Caenorhabditis elegans.<\/p>\n","protected":false},"excerpt":{"rendered":"<p>Stevens Rehen \u00e9 um neurocientista do Instituto D&#8217;Or de Pesquisa e Ensino (IDOR) no Brasil e atua como Pesquisador Associado na Promega Corporation e no Instituto Usona. Ele \u00e9 Membro Afiliado da Academia de Ci\u00eancias da Am\u00e9rica Latina e da Academia de Ci\u00eancias do Mundo em Desenvolvimento (TWAS). Entre suas honrarias est\u00e3o a Ordem Nacional [&hellip;]<\/p>\n","protected":false},"featured_media":4612,"template":"","meta":{"_acf_changed":false},"categoria-de-pesquisadores":[186],"class_list":["post-4611","pesquisador","type-pesquisador","status-publish","has-post-thumbnail","hentry","categoria-de-pesquisadores-pesquisadores-institucionais"],"acf":[],"yoast_head":"<!-- This site is optimized with the Yoast SEO plugin v27.3 - https:\/\/yoast.com\/product\/yoast-seo-wordpress\/ -->\n<title>Stevens Rehen - IDOR - Instituto D&#039;Or de Pesquisa e Ensino<\/title>\n<link rel=\"canonical\" href=\"https:\/\/www.rededorsaoluiz.com.br\/instituto\/idor\/post_scientists\/stevens-rehen\/\" \/>\n<meta property=\"og:locale\" content=\"pt_BR\" \/>\n<meta property=\"og:type\" content=\"article\" \/>\n<meta property=\"og:title\" content=\"Stevens Rehen - IDOR - Instituto D&#039;Or de Pesquisa e Ensino\" \/>\n<meta property=\"og:description\" content=\"Stevens Rehen \u00e9 um neurocientista do Instituto D&#8217;Or de Pesquisa e Ensino (IDOR) no Brasil e atua como Pesquisador Associado na Promega Corporation e no Instituto Usona. Ele \u00e9 Membro Afiliado da Academia de Ci\u00eancias da Am\u00e9rica Latina e da Academia de Ci\u00eancias do Mundo em Desenvolvimento (TWAS). Entre suas honrarias est\u00e3o a Ordem Nacional [&hellip;]\" \/>\n<meta property=\"og:url\" content=\"https:\/\/www.rededorsaoluiz.com.br\/instituto\/idor\/post_scientists\/stevens-rehen\/\" \/>\n<meta property=\"og:site_name\" content=\"IDOR - Instituto D&#039;Or de Pesquisa e Ensino\" \/>\n<meta property=\"article:modified_time\" content=\"2026-01-21T18:47:17+00:00\" \/>\n<meta property=\"og:image\" content=\"https:\/\/www.rededorsaoluiz.com.br\/instituto\/idor\/wp-content\/uploads\/2025\/12\/Stevens-Rehen-thumb.png\" \/>\n\t<meta property=\"og:image:width\" content=\"400\" \/>\n\t<meta property=\"og:image:height\" content=\"297\" \/>\n\t<meta property=\"og:image:type\" content=\"image\/png\" \/>\n<meta name=\"twitter:card\" content=\"summary_large_image\" \/>\n<meta name=\"twitter:label1\" content=\"Est. tempo de leitura\" \/>\n\t<meta name=\"twitter:data1\" content=\"1 minuto\" \/>\n<script type=\"application\/ld+json\" class=\"yoast-schema-graph\">{\"@context\":\"https:\\\/\\\/schema.org\",\"@graph\":[{\"@type\":\"WebPage\",\"@id\":\"https:\\\/\\\/www.rededorsaoluiz.com.br\\\/instituto\\\/idor\\\/post_scientists\\\/stevens-rehen\\\/\",\"url\":\"https:\\\/\\\/www.rededorsaoluiz.com.br\\\/instituto\\\/idor\\\/post_scientists\\\/stevens-rehen\\\/\",\"name\":\"Stevens Rehen - IDOR - Instituto D&#039;Or de Pesquisa e Ensino\",\"isPartOf\":{\"@id\":\"https:\\\/\\\/www.rededorsaoluiz.com.br\\\/instituto\\\/idor\\\/#website\"},\"primaryImageOfPage\":{\"@id\":\"https:\\\/\\\/www.rededorsaoluiz.com.br\\\/instituto\\\/idor\\\/post_scientists\\\/stevens-rehen\\\/#primaryimage\"},\"image\":{\"@id\":\"https:\\\/\\\/www.rededorsaoluiz.com.br\\\/instituto\\\/idor\\\/post_scientists\\\/stevens-rehen\\\/#primaryimage\"},\"thumbnailUrl\":\"https:\\\/\\\/www.rededorsaoluiz.com.br\\\/instituto\\\/idor\\\/wp-content\\\/uploads\\\/2025\\\/12\\\/Stevens-Rehen-thumb.png\",\"datePublished\":\"2025-12-05T15:10:25+00:00\",\"dateModified\":\"2026-01-21T18:47:17+00:00\",\"breadcrumb\":{\"@id\":\"https:\\\/\\\/www.rededorsaoluiz.com.br\\\/instituto\\\/idor\\\/post_scientists\\\/stevens-rehen\\\/#breadcrumb\"},\"inLanguage\":\"pt-BR\",\"potentialAction\":[{\"@type\":\"ReadAction\",\"target\":[\"https:\\\/\\\/www.rededorsaoluiz.com.br\\\/instituto\\\/idor\\\/post_scientists\\\/stevens-rehen\\\/\"]}]},{\"@type\":\"ImageObject\",\"inLanguage\":\"pt-BR\",\"@id\":\"https:\\\/\\\/www.rededorsaoluiz.com.br\\\/instituto\\\/idor\\\/post_scientists\\\/stevens-rehen\\\/#primaryimage\",\"url\":\"https:\\\/\\\/www.rededorsaoluiz.com.br\\\/instituto\\\/idor\\\/wp-content\\\/uploads\\\/2025\\\/12\\\/Stevens-Rehen-thumb.png\",\"contentUrl\":\"https:\\\/\\\/www.rededorsaoluiz.com.br\\\/instituto\\\/idor\\\/wp-content\\\/uploads\\\/2025\\\/12\\\/Stevens-Rehen-thumb.png\",\"width\":400,\"height\":297},{\"@type\":\"BreadcrumbList\",\"@id\":\"https:\\\/\\\/www.rededorsaoluiz.com.br\\\/instituto\\\/idor\\\/post_scientists\\\/stevens-rehen\\\/#breadcrumb\",\"itemListElement\":[{\"@type\":\"ListItem\",\"position\":1,\"name\":\"In\u00edcio\",\"item\":\"https:\\\/\\\/www.rededorsaoluiz.com.br\\\/instituto\\\/idor\\\/\"},{\"@type\":\"ListItem\",\"position\":2,\"name\":\"Pesquisadores\",\"item\":\"https:\\\/\\\/www.rededorsaoluiz.com.br\\\/instituto\\\/idor\\\/pesquisa\\\/pesquisadores\\\/\"},{\"@type\":\"ListItem\",\"position\":3,\"name\":\"Stevens Rehen\"}]},{\"@type\":\"WebSite\",\"@id\":\"https:\\\/\\\/www.rededorsaoluiz.com.br\\\/instituto\\\/idor\\\/#website\",\"url\":\"https:\\\/\\\/www.rededorsaoluiz.com.br\\\/instituto\\\/idor\\\/\",\"name\":\"IDOR - Instituto D&#039;Or de Pesquisa e Ensino\",\"description\":\"\",\"potentialAction\":[{\"@type\":\"SearchAction\",\"target\":{\"@type\":\"EntryPoint\",\"urlTemplate\":\"https:\\\/\\\/www.rededorsaoluiz.com.br\\\/instituto\\\/idor\\\/?s={search_term_string}\"},\"query-input\":{\"@type\":\"PropertyValueSpecification\",\"valueRequired\":true,\"valueName\":\"search_term_string\"}}],\"inLanguage\":\"pt-BR\"}]}<\/script>\n<!-- \/ Yoast SEO plugin. -->","yoast_head_json":{"title":"Stevens Rehen - IDOR - Instituto D&#039;Or de Pesquisa e Ensino","canonical":"https:\/\/www.rededorsaoluiz.com.br\/instituto\/idor\/post_scientists\/stevens-rehen\/","og_locale":"pt_BR","og_type":"article","og_title":"Stevens Rehen - IDOR - Instituto D&#039;Or de Pesquisa e Ensino","og_description":"Stevens Rehen \u00e9 um neurocientista do Instituto D&#8217;Or de Pesquisa e Ensino (IDOR) no Brasil e atua como Pesquisador Associado na Promega Corporation e no Instituto Usona. Ele \u00e9 Membro Afiliado da Academia de Ci\u00eancias da Am\u00e9rica Latina e da Academia de Ci\u00eancias do Mundo em Desenvolvimento (TWAS). Entre suas honrarias est\u00e3o a Ordem Nacional [&hellip;]","og_url":"https:\/\/www.rededorsaoluiz.com.br\/instituto\/idor\/post_scientists\/stevens-rehen\/","og_site_name":"IDOR - Instituto D&#039;Or de Pesquisa e Ensino","article_modified_time":"2026-01-21T18:47:17+00:00","og_image":[{"width":400,"height":297,"url":"https:\/\/www.rededorsaoluiz.com.br\/instituto\/idor\/wp-content\/uploads\/2025\/12\/Stevens-Rehen-thumb.png","type":"image\/png"}],"twitter_card":"summary_large_image","twitter_misc":{"Est. tempo de leitura":"1 minuto"},"schema":{"@context":"https:\/\/schema.org","@graph":[{"@type":"WebPage","@id":"https:\/\/www.rededorsaoluiz.com.br\/instituto\/idor\/post_scientists\/stevens-rehen\/","url":"https:\/\/www.rededorsaoluiz.com.br\/instituto\/idor\/post_scientists\/stevens-rehen\/","name":"Stevens Rehen - IDOR - Instituto D&#039;Or de Pesquisa e Ensino","isPartOf":{"@id":"https:\/\/www.rededorsaoluiz.com.br\/instituto\/idor\/#website"},"primaryImageOfPage":{"@id":"https:\/\/www.rededorsaoluiz.com.br\/instituto\/idor\/post_scientists\/stevens-rehen\/#primaryimage"},"image":{"@id":"https:\/\/www.rededorsaoluiz.com.br\/instituto\/idor\/post_scientists\/stevens-rehen\/#primaryimage"},"thumbnailUrl":"https:\/\/www.rededorsaoluiz.com.br\/instituto\/idor\/wp-content\/uploads\/2025\/12\/Stevens-Rehen-thumb.png","datePublished":"2025-12-05T15:10:25+00:00","dateModified":"2026-01-21T18:47:17+00:00","breadcrumb":{"@id":"https:\/\/www.rededorsaoluiz.com.br\/instituto\/idor\/post_scientists\/stevens-rehen\/#breadcrumb"},"inLanguage":"pt-BR","potentialAction":[{"@type":"ReadAction","target":["https:\/\/www.rededorsaoluiz.com.br\/instituto\/idor\/post_scientists\/stevens-rehen\/"]}]},{"@type":"ImageObject","inLanguage":"pt-BR","@id":"https:\/\/www.rededorsaoluiz.com.br\/instituto\/idor\/post_scientists\/stevens-rehen\/#primaryimage","url":"https:\/\/www.rededorsaoluiz.com.br\/instituto\/idor\/wp-content\/uploads\/2025\/12\/Stevens-Rehen-thumb.png","contentUrl":"https:\/\/www.rededorsaoluiz.com.br\/instituto\/idor\/wp-content\/uploads\/2025\/12\/Stevens-Rehen-thumb.png","width":400,"height":297},{"@type":"BreadcrumbList","@id":"https:\/\/www.rededorsaoluiz.com.br\/instituto\/idor\/post_scientists\/stevens-rehen\/#breadcrumb","itemListElement":[{"@type":"ListItem","position":1,"name":"In\u00edcio","item":"https:\/\/www.rededorsaoluiz.com.br\/instituto\/idor\/"},{"@type":"ListItem","position":2,"name":"Pesquisadores","item":"https:\/\/www.rededorsaoluiz.com.br\/instituto\/idor\/pesquisa\/pesquisadores\/"},{"@type":"ListItem","position":3,"name":"Stevens Rehen"}]},{"@type":"WebSite","@id":"https:\/\/www.rededorsaoluiz.com.br\/instituto\/idor\/#website","url":"https:\/\/www.rededorsaoluiz.com.br\/instituto\/idor\/","name":"IDOR - Instituto D&#039;Or de Pesquisa e Ensino","description":"","potentialAction":[{"@type":"SearchAction","target":{"@type":"EntryPoint","urlTemplate":"https:\/\/www.rededorsaoluiz.com.br\/instituto\/idor\/?s={search_term_string}"},"query-input":{"@type":"PropertyValueSpecification","valueRequired":true,"valueName":"search_term_string"}}],"inLanguage":"pt-BR"}]}},"_links":{"self":[{"href":"https:\/\/www.rededorsaoluiz.com.br\/instituto\/idor\/wp-json\/wp\/v2\/pesquisador\/4611","targetHints":{"allow":["GET"]}}],"collection":[{"href":"https:\/\/www.rededorsaoluiz.com.br\/instituto\/idor\/wp-json\/wp\/v2\/pesquisador"}],"about":[{"href":"https:\/\/www.rededorsaoluiz.com.br\/instituto\/idor\/wp-json\/wp\/v2\/types\/pesquisador"}],"wp:featuredmedia":[{"embeddable":true,"href":"https:\/\/www.rededorsaoluiz.com.br\/instituto\/idor\/wp-json\/wp\/v2\/media\/4612"}],"wp:attachment":[{"href":"https:\/\/www.rededorsaoluiz.com.br\/instituto\/idor\/wp-json\/wp\/v2\/media?parent=4611"}],"wp:term":[{"taxonomy":"categoria-de-pesquisadores","embeddable":true,"href":"https:\/\/www.rededorsaoluiz.com.br\/instituto\/idor\/wp-json\/wp\/v2\/categoria-de-pesquisadores?post=4611"}],"curies":[{"name":"wp","href":"https:\/\/api.w.org\/{rel}","templated":true}]}}

<p>Stevens Rehen é um neurocientista do Instituto D&#8217;Or de Pesquisa e Ensino (IDOR) no Brasil e atua como Pesquisador Associado na Promega Corporation e no Instituto Usona. Ele é Membro Afiliado da Academia de Ciências da América Latina e da Academia de Ciências do Mundo em Desenvolvimento (TWAS). Entre suas honrarias estão a Ordem Nacional do Mérito Científico (Comendador, Brasil) e a Bolsa do Programa Latino-Americano PEW em Ciências Biomédicas. Ele detém um cargo não remunerado de professor na Universidade Federal do Rio de Janeiro e foi reconhecido com o Prêmio Internacional Fiocruz Servier para Neurociências e o Prêmio Fulbright de Professor Visitante. Stevens Rehen também foi Presidente da Sociedade Brasileira de Neurociências e Comportamento. Seu foco principal de pesquisa é sobre os efeitos dos psicodélicos em organoides cerebrais humanos e Caenorhabditis elegans.</p>

<p>Stevens Rehen é um neurocientista do Instituto D&#8217;Or de Pesquisa e Ensino (IDOR) no Brasil e atua como Pesquisador Associado na Promega Corporation e no Instituto Usona. Ele é Membro Afiliado da Academia de Ciências da América Latina e da Academia de Ciências do Mundo em Desenvolvimento (TWAS). Entre suas honrarias estão a Ordem Nacional [&hellip;]</p>

<!-- This site is optimized with the Yoast SEO plugin v27.3 - https://yoast.com/product/yoast-seo-wordpress/ -->
<title>Stevens Rehen - IDOR - Instituto D&#039;Or de Pesquisa e Ensino</title>
<link rel="canonical" href="https://www.rededorsaoluiz.com.br/instituto/idor/post_scientists/stevens-rehen/" />
<meta property="og:locale" content="pt_BR" />
<meta property="og:type" content="article" />
<meta property="og:title" content="Stevens Rehen - IDOR - Instituto D&#039;Or de Pesquisa e Ensino" />
<meta property="og:description" content="Stevens Rehen é um neurocientista do Instituto D&#8217;Or de Pesquisa e Ensino (IDOR) no Brasil e atua como Pesquisador Associado na Promega Corporation e no Instituto Usona. Ele é Membro Afiliado da Academia de Ciências da América Latina e da Academia de Ciências do Mundo em Desenvolvimento (TWAS). Entre suas honrarias estão a Ordem Nacional [&hellip;]" />
<meta property="og:url" content="https://www.rededorsaoluiz.com.br/instituto/idor/post_scientists/stevens-rehen/" />
<meta property="og:site_name" content="IDOR - Instituto D&#039;Or de Pesquisa e Ensino" />
<meta property="article:modified_time" content="2026-01-21T18:47:17+00:00" />
<meta property="og:image" content="https://www.rededorsaoluiz.com.br/instituto/idor/wp-content/uploads/2025/12/Stevens-Rehen-thumb.png" />
	<meta property="og:image:width" content="400" />
	<meta property="og:image:height" content="297" />
	<meta property="og:image:type" content="image/png" />
<meta name="twitter:card" content="summary_large_image" />
<meta name="twitter:label1" content="Est. tempo de leitura" />
	<meta name="twitter:data1" content="1 minuto" />
<script type="application/ld+json" class="yoast-schema-graph">{"@context":"https:\/\/schema.org","@graph":[{"@type":"WebPage","@id":"https:\/\/www.rededorsaoluiz.com.br\/instituto\/idor\/post_scientists\/stevens-rehen\/","url":"https:\/\/www.rededorsaoluiz.com.br\/instituto\/idor\/post_scientists\/stevens-rehen\/","name":"Stevens Rehen - IDOR - Instituto D&#039;Or de Pesquisa e Ensino","isPartOf":{"@id":"https:\/\/www.rededorsaoluiz.com.br\/instituto\/idor\/#website"},"primaryImageOfPage":{"@id":"https:\/\/www.rededorsaoluiz.com.br\/instituto\/idor\/post_scientists\/stevens-rehen\/#primaryimage"},"image":{"@id":"https:\/\/www.rededorsaoluiz.com.br\/instituto\/idor\/post_scientists\/stevens-rehen\/#primaryimage"},"thumbnailUrl":"https:\/\/www.rededorsaoluiz.com.br\/instituto\/idor\/wp-content\/uploads\/2025\/12\/Stevens-Rehen-thumb.png","datePublished":"2025-12-05T15:10:25+00:00","dateModified":"2026-01-21T18:47:17+00:00","breadcrumb":{"@id":"https:\/\/www.rededorsaoluiz.com.br\/instituto\/idor\/post_scientists\/stevens-rehen\/#breadcrumb"},"inLanguage":"pt-BR","potentialAction":[{"@type":"ReadAction","target":["https:\/\/www.rededorsaoluiz.com.br\/instituto\/idor\/post_scientists\/stevens-rehen\/"]}]},{"@type":"ImageObject","inLanguage":"pt-BR","@id":"https:\/\/www.rededorsaoluiz.com.br\/instituto\/idor\/post_scientists\/stevens-rehen\/#primaryimage","url":"https:\/\/www.rededorsaoluiz.com.br\/instituto\/idor\/wp-content\/uploads\/2025\/12\/Stevens-Rehen-thumb.png","contentUrl":"https:\/\/www.rededorsaoluiz.com.br\/instituto\/idor\/wp-content\/uploads\/2025\/12\/Stevens-Rehen-thumb.png","width":400,"height":297},{"@type":"BreadcrumbList","@id":"https:\/\/www.rededorsaoluiz.com.br\/instituto\/idor\/post_scientists\/stevens-rehen\/#breadcrumb","itemListElement":[{"@type":"ListItem","position":1,"name":"Início","item":"https:\/\/www.rededorsaoluiz.com.br\/instituto\/idor\/"},{"@type":"ListItem","position":2,"name":"Pesquisadores","item":"https:\/\/www.rededorsaoluiz.com.br\/instituto\/idor\/pesquisa\/pesquisadores\/"},{"@type":"ListItem","position":3,"name":"Stevens Rehen"}]},{"@type":"WebSite","@id":"https:\/\/www.rededorsaoluiz.com.br\/instituto\/idor\/#website","url":"https:\/\/www.rededorsaoluiz.com.br\/instituto\/idor\/","name":"IDOR - Instituto D&#039;Or de Pesquisa e Ensino","description":"","potentialAction":[{"@type":"SearchAction","target":{"@type":"EntryPoint","urlTemplate":"https:\/\/www.rededorsaoluiz.com.br\/instituto\/idor\/?s={search_term_string}"},"query-input":{"@type":"PropertyValueSpecification","valueRequired":true,"valueName":"search_term_string"}}],"inLanguage":"pt-BR"}]}</script>
<!-- / Yoast SEO plugin. -->

Stevens Rehen é um neurocientista do Instituto D&#8217;Or de Pesquisa e Ensino (IDOR) no Brasil e atua como Pesquisador Associado na Promega Corporation e no Instituto Usona. Ele é Membro Afiliado da Academia de Ciências da América Latina e da Academia de Ciências do Mundo em Desenvolvimento (TWAS). Entre suas honrarias estão a Ordem Nacional [&hellip;]

Início
