{"id":4679,"date":"2025-12-05T12:12:17","date_gmt":"2025-12-05T15:12:17","guid":{"rendered":"https:\/\/ptbr.idor.org\/pesquisador\/heitor-siffert-p-de-souza\/"},"modified":"2026-01-21T10:23:19","modified_gmt":"2026-01-21T13:23:19","slug":"heitor-siffert-p-de-souza","status":"publish","type":"pesquisador","link":"https:\/\/www.rededorsaoluiz.com.br\/instituto\/idor\/post_scientists\/heitor-siffert-p-de-souza\/","title":{"rendered":"Heitor Siffert P. de Souza"},"content":{"rendered":"<p>Pesquisa Nosso grupo de pesquisa possui ampla forma\u00e7\u00e3o em gastroenterologia, com treinamento espec\u00edfico e especializa\u00e7\u00e3o em doen\u00e7as intestinais. Nossa pesquisa inclui tamb\u00e9m doen\u00e7as esof\u00e1gicas, g\u00e1stricas, hep\u00e1ticas e pancre\u00e1ticas, que v\u00e3o desde a ci\u00eancia b\u00e1sica at\u00e9 a cl\u00ednica. Somos interessados em todos os aspectos das doen\u00e7as gastrointestinais, mecanismos de doen\u00e7as e novas terapias, com aten\u00e7\u00e3o especial \u00e0s doen\u00e7as intestinais. Em particular, nosso grupo investiga mecanismos de dist\u00farbios inflamat\u00f3rios do trato gastrointestinal, com foco na doen\u00e7a inflamat\u00f3ria intestinal (DII). Nossas abordagens experimentais envolvem uma combina\u00e7\u00e3o de investiga\u00e7\u00e3o epidemiol\u00f3gica, estudos cl\u00ednicos com pacientes com DII, al\u00e9m de modelos moleculares, celulares e animais.<\/p>\n","protected":false},"excerpt":{"rendered":"<p>Pesquisa Nosso grupo de pesquisa possui ampla forma\u00e7\u00e3o em gastroenterologia, com treinamento espec\u00edfico e especializa\u00e7\u00e3o em doen\u00e7as intestinais. Nossa pesquisa inclui tamb\u00e9m doen\u00e7as esof\u00e1gicas, g\u00e1stricas, hep\u00e1ticas e pancre\u00e1ticas, que v\u00e3o desde a ci\u00eancia b\u00e1sica at\u00e9 a cl\u00ednica. Somos interessados em todos os aspectos das doen\u00e7as gastrointestinais, mecanismos de doen\u00e7as e novas terapias, com aten\u00e7\u00e3o especial [&hellip;]<\/p>\n","protected":false},"featured_media":4680,"template":"","meta":{"_acf_changed":false},"categoria-de-pesquisadores":[186],"class_list":["post-4679","pesquisador","type-pesquisador","status-publish","has-post-thumbnail","hentry","categoria-de-pesquisadores-pesquisadores-institucionais"],"acf":[],"yoast_head":"<!-- This site is optimized with the Yoast SEO plugin v27.3 - https:\/\/yoast.com\/product\/yoast-seo-wordpress\/ -->\n<title>Heitor Siffert P. de Souza - IDOR - Instituto D&#039;Or de Pesquisa e Ensino<\/title>\n<link rel=\"canonical\" href=\"https:\/\/www.rededorsaoluiz.com.br\/instituto\/idor\/post_scientists\/heitor-siffert-p-de-souza\/\" \/>\n<meta property=\"og:locale\" content=\"pt_BR\" \/>\n<meta property=\"og:type\" content=\"article\" \/>\n<meta property=\"og:title\" content=\"Heitor Siffert P. de Souza - IDOR - Instituto D&#039;Or de Pesquisa e Ensino\" \/>\n<meta property=\"og:description\" content=\"Pesquisa Nosso grupo de pesquisa possui ampla forma\u00e7\u00e3o em gastroenterologia, com treinamento espec\u00edfico e especializa\u00e7\u00e3o em doen\u00e7as intestinais. Nossa pesquisa inclui tamb\u00e9m doen\u00e7as esof\u00e1gicas, g\u00e1stricas, hep\u00e1ticas e pancre\u00e1ticas, que v\u00e3o desde a ci\u00eancia b\u00e1sica at\u00e9 a cl\u00ednica. Somos interessados em todos os aspectos das doen\u00e7as gastrointestinais, mecanismos de doen\u00e7as e novas terapias, com aten\u00e7\u00e3o especial [&hellip;]\" \/>\n<meta property=\"og:url\" content=\"https:\/\/www.rededorsaoluiz.com.br\/instituto\/idor\/post_scientists\/heitor-siffert-p-de-souza\/\" \/>\n<meta property=\"og:site_name\" content=\"IDOR - Instituto D&#039;Or de Pesquisa e Ensino\" \/>\n<meta property=\"article:modified_time\" content=\"2026-01-21T13:23:19+00:00\" \/>\n<meta property=\"og:image\" content=\"https:\/\/www.rededorsaoluiz.com.br\/instituto\/idor\/wp-content\/uploads\/2025\/12\/Heitor-Siffert-P.-de-Souza-thumb.png\" \/>\n\t<meta property=\"og:image:width\" content=\"400\" \/>\n\t<meta property=\"og:image:height\" content=\"297\" \/>\n\t<meta property=\"og:image:type\" content=\"image\/png\" \/>\n<meta name=\"twitter:card\" content=\"summary_large_image\" \/>\n<meta name=\"twitter:label1\" content=\"Est. tempo de leitura\" \/>\n\t<meta name=\"twitter:data1\" content=\"1 minuto\" \/>\n<script type=\"application\/ld+json\" class=\"yoast-schema-graph\">{\"@context\":\"https:\\\/\\\/schema.org\",\"@graph\":[{\"@type\":\"WebPage\",\"@id\":\"https:\\\/\\\/www.rededorsaoluiz.com.br\\\/instituto\\\/idor\\\/post_scientists\\\/heitor-siffert-p-de-souza\\\/\",\"url\":\"https:\\\/\\\/www.rededorsaoluiz.com.br\\\/instituto\\\/idor\\\/post_scientists\\\/heitor-siffert-p-de-souza\\\/\",\"name\":\"Heitor Siffert P. de Souza - IDOR - Instituto D&#039;Or de Pesquisa e Ensino\",\"isPartOf\":{\"@id\":\"https:\\\/\\\/www.rededorsaoluiz.com.br\\\/instituto\\\/idor\\\/#website\"},\"primaryImageOfPage\":{\"@id\":\"https:\\\/\\\/www.rededorsaoluiz.com.br\\\/instituto\\\/idor\\\/post_scientists\\\/heitor-siffert-p-de-souza\\\/#primaryimage\"},\"image\":{\"@id\":\"https:\\\/\\\/www.rededorsaoluiz.com.br\\\/instituto\\\/idor\\\/post_scientists\\\/heitor-siffert-p-de-souza\\\/#primaryimage\"},\"thumbnailUrl\":\"https:\\\/\\\/www.rededorsaoluiz.com.br\\\/instituto\\\/idor\\\/wp-content\\\/uploads\\\/2025\\\/12\\\/Heitor-Siffert-P.-de-Souza-thumb.png\",\"datePublished\":\"2025-12-05T15:12:17+00:00\",\"dateModified\":\"2026-01-21T13:23:19+00:00\",\"breadcrumb\":{\"@id\":\"https:\\\/\\\/www.rededorsaoluiz.com.br\\\/instituto\\\/idor\\\/post_scientists\\\/heitor-siffert-p-de-souza\\\/#breadcrumb\"},\"inLanguage\":\"pt-BR\",\"potentialAction\":[{\"@type\":\"ReadAction\",\"target\":[\"https:\\\/\\\/www.rededorsaoluiz.com.br\\\/instituto\\\/idor\\\/post_scientists\\\/heitor-siffert-p-de-souza\\\/\"]}]},{\"@type\":\"ImageObject\",\"inLanguage\":\"pt-BR\",\"@id\":\"https:\\\/\\\/www.rededorsaoluiz.com.br\\\/instituto\\\/idor\\\/post_scientists\\\/heitor-siffert-p-de-souza\\\/#primaryimage\",\"url\":\"https:\\\/\\\/www.rededorsaoluiz.com.br\\\/instituto\\\/idor\\\/wp-content\\\/uploads\\\/2025\\\/12\\\/Heitor-Siffert-P.-de-Souza-thumb.png\",\"contentUrl\":\"https:\\\/\\\/www.rededorsaoluiz.com.br\\\/instituto\\\/idor\\\/wp-content\\\/uploads\\\/2025\\\/12\\\/Heitor-Siffert-P.-de-Souza-thumb.png\",\"width\":400,\"height\":297},{\"@type\":\"BreadcrumbList\",\"@id\":\"https:\\\/\\\/www.rededorsaoluiz.com.br\\\/instituto\\\/idor\\\/post_scientists\\\/heitor-siffert-p-de-souza\\\/#breadcrumb\",\"itemListElement\":[{\"@type\":\"ListItem\",\"position\":1,\"name\":\"In\u00edcio\",\"item\":\"https:\\\/\\\/www.rededorsaoluiz.com.br\\\/instituto\\\/idor\\\/\"},{\"@type\":\"ListItem\",\"position\":2,\"name\":\"Pesquisadores\",\"item\":\"https:\\\/\\\/www.rededorsaoluiz.com.br\\\/instituto\\\/idor\\\/pesquisa\\\/pesquisadores\\\/\"},{\"@type\":\"ListItem\",\"position\":3,\"name\":\"Heitor Siffert P. de Souza\"}]},{\"@type\":\"WebSite\",\"@id\":\"https:\\\/\\\/www.rededorsaoluiz.com.br\\\/instituto\\\/idor\\\/#website\",\"url\":\"https:\\\/\\\/www.rededorsaoluiz.com.br\\\/instituto\\\/idor\\\/\",\"name\":\"IDOR - Instituto D&#039;Or de Pesquisa e Ensino\",\"description\":\"\",\"potentialAction\":[{\"@type\":\"SearchAction\",\"target\":{\"@type\":\"EntryPoint\",\"urlTemplate\":\"https:\\\/\\\/www.rededorsaoluiz.com.br\\\/instituto\\\/idor\\\/?s={search_term_string}\"},\"query-input\":{\"@type\":\"PropertyValueSpecification\",\"valueRequired\":true,\"valueName\":\"search_term_string\"}}],\"inLanguage\":\"pt-BR\"}]}<\/script>\n<!-- \/ Yoast SEO plugin. -->","yoast_head_json":{"title":"Heitor Siffert P. de Souza - IDOR - Instituto D&#039;Or de Pesquisa e Ensino","canonical":"https:\/\/www.rededorsaoluiz.com.br\/instituto\/idor\/post_scientists\/heitor-siffert-p-de-souza\/","og_locale":"pt_BR","og_type":"article","og_title":"Heitor Siffert P. de Souza - IDOR - Instituto D&#039;Or de Pesquisa e Ensino","og_description":"Pesquisa Nosso grupo de pesquisa possui ampla forma\u00e7\u00e3o em gastroenterologia, com treinamento espec\u00edfico e especializa\u00e7\u00e3o em doen\u00e7as intestinais. Nossa pesquisa inclui tamb\u00e9m doen\u00e7as esof\u00e1gicas, g\u00e1stricas, hep\u00e1ticas e pancre\u00e1ticas, que v\u00e3o desde a ci\u00eancia b\u00e1sica at\u00e9 a cl\u00ednica. Somos interessados em todos os aspectos das doen\u00e7as gastrointestinais, mecanismos de doen\u00e7as e novas terapias, com aten\u00e7\u00e3o especial [&hellip;]","og_url":"https:\/\/www.rededorsaoluiz.com.br\/instituto\/idor\/post_scientists\/heitor-siffert-p-de-souza\/","og_site_name":"IDOR - Instituto D&#039;Or de Pesquisa e Ensino","article_modified_time":"2026-01-21T13:23:19+00:00","og_image":[{"width":400,"height":297,"url":"https:\/\/www.rededorsaoluiz.com.br\/instituto\/idor\/wp-content\/uploads\/2025\/12\/Heitor-Siffert-P.-de-Souza-thumb.png","type":"image\/png"}],"twitter_card":"summary_large_image","twitter_misc":{"Est. tempo de leitura":"1 minuto"},"schema":{"@context":"https:\/\/schema.org","@graph":[{"@type":"WebPage","@id":"https:\/\/www.rededorsaoluiz.com.br\/instituto\/idor\/post_scientists\/heitor-siffert-p-de-souza\/","url":"https:\/\/www.rededorsaoluiz.com.br\/instituto\/idor\/post_scientists\/heitor-siffert-p-de-souza\/","name":"Heitor Siffert P. de Souza - IDOR - Instituto D&#039;Or de Pesquisa e Ensino","isPartOf":{"@id":"https:\/\/www.rededorsaoluiz.com.br\/instituto\/idor\/#website"},"primaryImageOfPage":{"@id":"https:\/\/www.rededorsaoluiz.com.br\/instituto\/idor\/post_scientists\/heitor-siffert-p-de-souza\/#primaryimage"},"image":{"@id":"https:\/\/www.rededorsaoluiz.com.br\/instituto\/idor\/post_scientists\/heitor-siffert-p-de-souza\/#primaryimage"},"thumbnailUrl":"https:\/\/www.rededorsaoluiz.com.br\/instituto\/idor\/wp-content\/uploads\/2025\/12\/Heitor-Siffert-P.-de-Souza-thumb.png","datePublished":"2025-12-05T15:12:17+00:00","dateModified":"2026-01-21T13:23:19+00:00","breadcrumb":{"@id":"https:\/\/www.rededorsaoluiz.com.br\/instituto\/idor\/post_scientists\/heitor-siffert-p-de-souza\/#breadcrumb"},"inLanguage":"pt-BR","potentialAction":[{"@type":"ReadAction","target":["https:\/\/www.rededorsaoluiz.com.br\/instituto\/idor\/post_scientists\/heitor-siffert-p-de-souza\/"]}]},{"@type":"ImageObject","inLanguage":"pt-BR","@id":"https:\/\/www.rededorsaoluiz.com.br\/instituto\/idor\/post_scientists\/heitor-siffert-p-de-souza\/#primaryimage","url":"https:\/\/www.rededorsaoluiz.com.br\/instituto\/idor\/wp-content\/uploads\/2025\/12\/Heitor-Siffert-P.-de-Souza-thumb.png","contentUrl":"https:\/\/www.rededorsaoluiz.com.br\/instituto\/idor\/wp-content\/uploads\/2025\/12\/Heitor-Siffert-P.-de-Souza-thumb.png","width":400,"height":297},{"@type":"BreadcrumbList","@id":"https:\/\/www.rededorsaoluiz.com.br\/instituto\/idor\/post_scientists\/heitor-siffert-p-de-souza\/#breadcrumb","itemListElement":[{"@type":"ListItem","position":1,"name":"In\u00edcio","item":"https:\/\/www.rededorsaoluiz.com.br\/instituto\/idor\/"},{"@type":"ListItem","position":2,"name":"Pesquisadores","item":"https:\/\/www.rededorsaoluiz.com.br\/instituto\/idor\/pesquisa\/pesquisadores\/"},{"@type":"ListItem","position":3,"name":"Heitor Siffert P. de Souza"}]},{"@type":"WebSite","@id":"https:\/\/www.rededorsaoluiz.com.br\/instituto\/idor\/#website","url":"https:\/\/www.rededorsaoluiz.com.br\/instituto\/idor\/","name":"IDOR - Instituto D&#039;Or de Pesquisa e Ensino","description":"","potentialAction":[{"@type":"SearchAction","target":{"@type":"EntryPoint","urlTemplate":"https:\/\/www.rededorsaoluiz.com.br\/instituto\/idor\/?s={search_term_string}"},"query-input":{"@type":"PropertyValueSpecification","valueRequired":true,"valueName":"search_term_string"}}],"inLanguage":"pt-BR"}]}},"_links":{"self":[{"href":"https:\/\/www.rededorsaoluiz.com.br\/instituto\/idor\/wp-json\/wp\/v2\/pesquisador\/4679","targetHints":{"allow":["GET"]}}],"collection":[{"href":"https:\/\/www.rededorsaoluiz.com.br\/instituto\/idor\/wp-json\/wp\/v2\/pesquisador"}],"about":[{"href":"https:\/\/www.rededorsaoluiz.com.br\/instituto\/idor\/wp-json\/wp\/v2\/types\/pesquisador"}],"wp:featuredmedia":[{"embeddable":true,"href":"https:\/\/www.rededorsaoluiz.com.br\/instituto\/idor\/wp-json\/wp\/v2\/media\/4680"}],"wp:attachment":[{"href":"https:\/\/www.rededorsaoluiz.com.br\/instituto\/idor\/wp-json\/wp\/v2\/media?parent=4679"}],"wp:term":[{"taxonomy":"categoria-de-pesquisadores","embeddable":true,"href":"https:\/\/www.rededorsaoluiz.com.br\/instituto\/idor\/wp-json\/wp\/v2\/categoria-de-pesquisadores?post=4679"}],"curies":[{"name":"wp","href":"https:\/\/api.w.org\/{rel}","templated":true}]}}

<p>Pesquisa Nosso grupo de pesquisa possui ampla formação em gastroenterologia, com treinamento específico e especialização em doenças intestinais. Nossa pesquisa inclui também doenças esofágicas, gástricas, hepáticas e pancreáticas, que vão desde a ciência básica até a clínica. Somos interessados em todos os aspectos das doenças gastrointestinais, mecanismos de doenças e novas terapias, com atenção especial às doenças intestinais. Em particular, nosso grupo investiga mecanismos de distúrbios inflamatórios do trato gastrointestinal, com foco na doença inflamatória intestinal (DII). Nossas abordagens experimentais envolvem uma combinação de investigação epidemiológica, estudos clínicos com pacientes com DII, além de modelos moleculares, celulares e animais.</p>

<p>Pesquisa Nosso grupo de pesquisa possui ampla formação em gastroenterologia, com treinamento específico e especialização em doenças intestinais. Nossa pesquisa inclui também doenças esofágicas, gástricas, hepáticas e pancreáticas, que vão desde a ciência básica até a clínica. Somos interessados em todos os aspectos das doenças gastrointestinais, mecanismos de doenças e novas terapias, com atenção especial [&hellip;]</p>

<!-- This site is optimized with the Yoast SEO plugin v27.3 - https://yoast.com/product/yoast-seo-wordpress/ -->
<title>Heitor Siffert P. de Souza - IDOR - Instituto D&#039;Or de Pesquisa e Ensino</title>
<link rel="canonical" href="https://www.rededorsaoluiz.com.br/instituto/idor/post_scientists/heitor-siffert-p-de-souza/" />
<meta property="og:locale" content="pt_BR" />
<meta property="og:type" content="article" />
<meta property="og:title" content="Heitor Siffert P. de Souza - IDOR - Instituto D&#039;Or de Pesquisa e Ensino" />
<meta property="og:description" content="Pesquisa Nosso grupo de pesquisa possui ampla formação em gastroenterologia, com treinamento específico e especialização em doenças intestinais. Nossa pesquisa inclui também doenças esofágicas, gástricas, hepáticas e pancreáticas, que vão desde a ciência básica até a clínica. Somos interessados em todos os aspectos das doenças gastrointestinais, mecanismos de doenças e novas terapias, com atenção especial [&hellip;]" />
<meta property="og:url" content="https://www.rededorsaoluiz.com.br/instituto/idor/post_scientists/heitor-siffert-p-de-souza/" />
<meta property="og:site_name" content="IDOR - Instituto D&#039;Or de Pesquisa e Ensino" />
<meta property="article:modified_time" content="2026-01-21T13:23:19+00:00" />
<meta property="og:image" content="https://www.rededorsaoluiz.com.br/instituto/idor/wp-content/uploads/2025/12/Heitor-Siffert-P.-de-Souza-thumb.png" />
	<meta property="og:image:width" content="400" />
	<meta property="og:image:height" content="297" />
	<meta property="og:image:type" content="image/png" />
<meta name="twitter:card" content="summary_large_image" />
<meta name="twitter:label1" content="Est. tempo de leitura" />
	<meta name="twitter:data1" content="1 minuto" />
<script type="application/ld+json" class="yoast-schema-graph">{"@context":"https:\/\/schema.org","@graph":[{"@type":"WebPage","@id":"https:\/\/www.rededorsaoluiz.com.br\/instituto\/idor\/post_scientists\/heitor-siffert-p-de-souza\/","url":"https:\/\/www.rededorsaoluiz.com.br\/instituto\/idor\/post_scientists\/heitor-siffert-p-de-souza\/","name":"Heitor Siffert P. de Souza - IDOR - Instituto D&#039;Or de Pesquisa e Ensino","isPartOf":{"@id":"https:\/\/www.rededorsaoluiz.com.br\/instituto\/idor\/#website"},"primaryImageOfPage":{"@id":"https:\/\/www.rededorsaoluiz.com.br\/instituto\/idor\/post_scientists\/heitor-siffert-p-de-souza\/#primaryimage"},"image":{"@id":"https:\/\/www.rededorsaoluiz.com.br\/instituto\/idor\/post_scientists\/heitor-siffert-p-de-souza\/#primaryimage"},"thumbnailUrl":"https:\/\/www.rededorsaoluiz.com.br\/instituto\/idor\/wp-content\/uploads\/2025\/12\/Heitor-Siffert-P.-de-Souza-thumb.png","datePublished":"2025-12-05T15:12:17+00:00","dateModified":"2026-01-21T13:23:19+00:00","breadcrumb":{"@id":"https:\/\/www.rededorsaoluiz.com.br\/instituto\/idor\/post_scientists\/heitor-siffert-p-de-souza\/#breadcrumb"},"inLanguage":"pt-BR","potentialAction":[{"@type":"ReadAction","target":["https:\/\/www.rededorsaoluiz.com.br\/instituto\/idor\/post_scientists\/heitor-siffert-p-de-souza\/"]}]},{"@type":"ImageObject","inLanguage":"pt-BR","@id":"https:\/\/www.rededorsaoluiz.com.br\/instituto\/idor\/post_scientists\/heitor-siffert-p-de-souza\/#primaryimage","url":"https:\/\/www.rededorsaoluiz.com.br\/instituto\/idor\/wp-content\/uploads\/2025\/12\/Heitor-Siffert-P.-de-Souza-thumb.png","contentUrl":"https:\/\/www.rededorsaoluiz.com.br\/instituto\/idor\/wp-content\/uploads\/2025\/12\/Heitor-Siffert-P.-de-Souza-thumb.png","width":400,"height":297},{"@type":"BreadcrumbList","@id":"https:\/\/www.rededorsaoluiz.com.br\/instituto\/idor\/post_scientists\/heitor-siffert-p-de-souza\/#breadcrumb","itemListElement":[{"@type":"ListItem","position":1,"name":"Início","item":"https:\/\/www.rededorsaoluiz.com.br\/instituto\/idor\/"},{"@type":"ListItem","position":2,"name":"Pesquisadores","item":"https:\/\/www.rededorsaoluiz.com.br\/instituto\/idor\/pesquisa\/pesquisadores\/"},{"@type":"ListItem","position":3,"name":"Heitor Siffert P. de Souza"}]},{"@type":"WebSite","@id":"https:\/\/www.rededorsaoluiz.com.br\/instituto\/idor\/#website","url":"https:\/\/www.rededorsaoluiz.com.br\/instituto\/idor\/","name":"IDOR - Instituto D&#039;Or de Pesquisa e Ensino","description":"","potentialAction":[{"@type":"SearchAction","target":{"@type":"EntryPoint","urlTemplate":"https:\/\/www.rededorsaoluiz.com.br\/instituto\/idor\/?s={search_term_string}"},"query-input":{"@type":"PropertyValueSpecification","valueRequired":true,"valueName":"search_term_string"}}],"inLanguage":"pt-BR"}]}</script>
<!-- / Yoast SEO plugin. -->

Pesquisa Nosso grupo de pesquisa possui ampla formação em gastroenterologia, com treinamento específico e especialização em doenças intestinais. Nossa pesquisa inclui também doenças esofágicas, gástricas, hepáticas e pancreáticas, que vão desde a ciência básica até a clínica. Somos interessados em todos os aspectos das doenças gastrointestinais, mecanismos de doenças e novas terapias, com atenção especial [&hellip;]

Início
