{"id":4713,"date":"2025-12-05T12:12:55","date_gmt":"2025-12-05T15:12:55","guid":{"rendered":"https:\/\/ptbr.idor.org\/pesquisador\/jorge-moll\/"},"modified":"2026-01-21T15:38:02","modified_gmt":"2026-01-21T18:38:02","slug":"jorge-moll","status":"publish","type":"pesquisador","link":"https:\/\/www.rededorsaoluiz.com.br\/instituto\/idor\/post_scientists\/jorge-moll\/","title":{"rendered":"Jorge Moll"},"content":{"rendered":"<p>Pesquisa Meu grupo de pesquisa se dedica aos mecanismos cognitivos fundamentais subjacentes ao comportamento social humano, emo\u00e7\u00f5es morais, valores e decis\u00f5es, incluindo altru\u00edsmo, pensamento prospectivo e coopera\u00e7\u00e3o. Empregamos resson\u00e2ncia magn\u00e9tica funcional, neurofeedback e outros m\u00e9todos neurotecnol\u00f3gicos. Fui cofundador do IDOR em 2010 no Brasil e fundei o Scients Institute em 2018 (www.scients.org), uma organiza\u00e7\u00e3o cient\u00edfica pioneira com sede na Calif\u00f3rnia que amplia as fronteiras da pesquisa em neuroci\u00eancia, percep\u00e7\u00e3o, consci\u00eancia, f\u00edsica e biologia.<\/p>\n","protected":false},"excerpt":{"rendered":"<p>Pesquisa Meu grupo de pesquisa se dedica aos mecanismos cognitivos fundamentais subjacentes ao comportamento social humano, emo\u00e7\u00f5es morais, valores e decis\u00f5es, incluindo altru\u00edsmo, pensamento prospectivo e coopera\u00e7\u00e3o. Empregamos resson\u00e2ncia magn\u00e9tica funcional, neurofeedback e outros m\u00e9todos neurotecnol\u00f3gicos. Fui cofundador do IDOR em 2010 no Brasil e fundei o Scients Institute em 2018 (www.scients.org), uma organiza\u00e7\u00e3o cient\u00edfica [&hellip;]<\/p>\n","protected":false},"featured_media":4714,"template":"","meta":{"_acf_changed":false},"categoria-de-pesquisadores":[186],"class_list":["post-4713","pesquisador","type-pesquisador","status-publish","has-post-thumbnail","hentry","categoria-de-pesquisadores-pesquisadores-institucionais"],"acf":[],"yoast_head":"<!-- This site is optimized with the Yoast SEO plugin v27.3 - https:\/\/yoast.com\/product\/yoast-seo-wordpress\/ -->\n<title>Jorge Moll - IDOR - Instituto D&#039;Or de Pesquisa e Ensino<\/title>\n<link rel=\"canonical\" href=\"https:\/\/www.rededorsaoluiz.com.br\/instituto\/idor\/post_scientists\/jorge-moll\/\" \/>\n<meta property=\"og:locale\" content=\"pt_BR\" \/>\n<meta property=\"og:type\" content=\"article\" \/>\n<meta property=\"og:title\" content=\"Jorge Moll - IDOR - Instituto D&#039;Or de Pesquisa e Ensino\" \/>\n<meta property=\"og:description\" content=\"Pesquisa Meu grupo de pesquisa se dedica aos mecanismos cognitivos fundamentais subjacentes ao comportamento social humano, emo\u00e7\u00f5es morais, valores e decis\u00f5es, incluindo altru\u00edsmo, pensamento prospectivo e coopera\u00e7\u00e3o. Empregamos resson\u00e2ncia magn\u00e9tica funcional, neurofeedback e outros m\u00e9todos neurotecnol\u00f3gicos. Fui cofundador do IDOR em 2010 no Brasil e fundei o Scients Institute em 2018 (www.scients.org), uma organiza\u00e7\u00e3o cient\u00edfica [&hellip;]\" \/>\n<meta property=\"og:url\" content=\"https:\/\/www.rededorsaoluiz.com.br\/instituto\/idor\/post_scientists\/jorge-moll\/\" \/>\n<meta property=\"og:site_name\" content=\"IDOR - Instituto D&#039;Or de Pesquisa e Ensino\" \/>\n<meta property=\"article:modified_time\" content=\"2026-01-21T18:38:02+00:00\" \/>\n<meta property=\"og:image\" content=\"https:\/\/www.rededorsaoluiz.com.br\/instituto\/idor\/wp-content\/uploads\/2025\/12\/Jorge-Moll-thumb.png\" \/>\n\t<meta property=\"og:image:width\" content=\"400\" \/>\n\t<meta property=\"og:image:height\" content=\"297\" \/>\n\t<meta property=\"og:image:type\" content=\"image\/png\" \/>\n<meta name=\"twitter:card\" content=\"summary_large_image\" \/>\n<script type=\"application\/ld+json\" class=\"yoast-schema-graph\">{\"@context\":\"https:\\\/\\\/schema.org\",\"@graph\":[{\"@type\":\"WebPage\",\"@id\":\"https:\\\/\\\/www.rededorsaoluiz.com.br\\\/instituto\\\/idor\\\/post_scientists\\\/jorge-moll\\\/\",\"url\":\"https:\\\/\\\/www.rededorsaoluiz.com.br\\\/instituto\\\/idor\\\/post_scientists\\\/jorge-moll\\\/\",\"name\":\"Jorge Moll - IDOR - Instituto D&#039;Or de Pesquisa e Ensino\",\"isPartOf\":{\"@id\":\"https:\\\/\\\/www.rededorsaoluiz.com.br\\\/instituto\\\/idor\\\/#website\"},\"primaryImageOfPage\":{\"@id\":\"https:\\\/\\\/www.rededorsaoluiz.com.br\\\/instituto\\\/idor\\\/post_scientists\\\/jorge-moll\\\/#primaryimage\"},\"image\":{\"@id\":\"https:\\\/\\\/www.rededorsaoluiz.com.br\\\/instituto\\\/idor\\\/post_scientists\\\/jorge-moll\\\/#primaryimage\"},\"thumbnailUrl\":\"https:\\\/\\\/www.rededorsaoluiz.com.br\\\/instituto\\\/idor\\\/wp-content\\\/uploads\\\/2025\\\/12\\\/Jorge-Moll-thumb.png\",\"datePublished\":\"2025-12-05T15:12:55+00:00\",\"dateModified\":\"2026-01-21T18:38:02+00:00\",\"breadcrumb\":{\"@id\":\"https:\\\/\\\/www.rededorsaoluiz.com.br\\\/instituto\\\/idor\\\/post_scientists\\\/jorge-moll\\\/#breadcrumb\"},\"inLanguage\":\"pt-BR\",\"potentialAction\":[{\"@type\":\"ReadAction\",\"target\":[\"https:\\\/\\\/www.rededorsaoluiz.com.br\\\/instituto\\\/idor\\\/post_scientists\\\/jorge-moll\\\/\"]}]},{\"@type\":\"ImageObject\",\"inLanguage\":\"pt-BR\",\"@id\":\"https:\\\/\\\/www.rededorsaoluiz.com.br\\\/instituto\\\/idor\\\/post_scientists\\\/jorge-moll\\\/#primaryimage\",\"url\":\"https:\\\/\\\/www.rededorsaoluiz.com.br\\\/instituto\\\/idor\\\/wp-content\\\/uploads\\\/2025\\\/12\\\/Jorge-Moll-thumb.png\",\"contentUrl\":\"https:\\\/\\\/www.rededorsaoluiz.com.br\\\/instituto\\\/idor\\\/wp-content\\\/uploads\\\/2025\\\/12\\\/Jorge-Moll-thumb.png\",\"width\":400,\"height\":297},{\"@type\":\"BreadcrumbList\",\"@id\":\"https:\\\/\\\/www.rededorsaoluiz.com.br\\\/instituto\\\/idor\\\/post_scientists\\\/jorge-moll\\\/#breadcrumb\",\"itemListElement\":[{\"@type\":\"ListItem\",\"position\":1,\"name\":\"In\u00edcio\",\"item\":\"https:\\\/\\\/www.rededorsaoluiz.com.br\\\/instituto\\\/idor\\\/\"},{\"@type\":\"ListItem\",\"position\":2,\"name\":\"Pesquisadores\",\"item\":\"https:\\\/\\\/www.rededorsaoluiz.com.br\\\/instituto\\\/idor\\\/pesquisa\\\/pesquisadores\\\/\"},{\"@type\":\"ListItem\",\"position\":3,\"name\":\"Jorge Moll\"}]},{\"@type\":\"WebSite\",\"@id\":\"https:\\\/\\\/www.rededorsaoluiz.com.br\\\/instituto\\\/idor\\\/#website\",\"url\":\"https:\\\/\\\/www.rededorsaoluiz.com.br\\\/instituto\\\/idor\\\/\",\"name\":\"IDOR - Instituto D&#039;Or de Pesquisa e Ensino\",\"description\":\"\",\"potentialAction\":[{\"@type\":\"SearchAction\",\"target\":{\"@type\":\"EntryPoint\",\"urlTemplate\":\"https:\\\/\\\/www.rededorsaoluiz.com.br\\\/instituto\\\/idor\\\/?s={search_term_string}\"},\"query-input\":{\"@type\":\"PropertyValueSpecification\",\"valueRequired\":true,\"valueName\":\"search_term_string\"}}],\"inLanguage\":\"pt-BR\"}]}<\/script>\n<!-- \/ Yoast SEO plugin. -->","yoast_head_json":{"title":"Jorge Moll - IDOR - Instituto D&#039;Or de Pesquisa e Ensino","canonical":"https:\/\/www.rededorsaoluiz.com.br\/instituto\/idor\/post_scientists\/jorge-moll\/","og_locale":"pt_BR","og_type":"article","og_title":"Jorge Moll - IDOR - Instituto D&#039;Or de Pesquisa e Ensino","og_description":"Pesquisa Meu grupo de pesquisa se dedica aos mecanismos cognitivos fundamentais subjacentes ao comportamento social humano, emo\u00e7\u00f5es morais, valores e decis\u00f5es, incluindo altru\u00edsmo, pensamento prospectivo e coopera\u00e7\u00e3o. Empregamos resson\u00e2ncia magn\u00e9tica funcional, neurofeedback e outros m\u00e9todos neurotecnol\u00f3gicos. Fui cofundador do IDOR em 2010 no Brasil e fundei o Scients Institute em 2018 (www.scients.org), uma organiza\u00e7\u00e3o cient\u00edfica [&hellip;]","og_url":"https:\/\/www.rededorsaoluiz.com.br\/instituto\/idor\/post_scientists\/jorge-moll\/","og_site_name":"IDOR - Instituto D&#039;Or de Pesquisa e Ensino","article_modified_time":"2026-01-21T18:38:02+00:00","og_image":[{"width":400,"height":297,"url":"https:\/\/www.rededorsaoluiz.com.br\/instituto\/idor\/wp-content\/uploads\/2025\/12\/Jorge-Moll-thumb.png","type":"image\/png"}],"twitter_card":"summary_large_image","schema":{"@context":"https:\/\/schema.org","@graph":[{"@type":"WebPage","@id":"https:\/\/www.rededorsaoluiz.com.br\/instituto\/idor\/post_scientists\/jorge-moll\/","url":"https:\/\/www.rededorsaoluiz.com.br\/instituto\/idor\/post_scientists\/jorge-moll\/","name":"Jorge Moll - IDOR - Instituto D&#039;Or de Pesquisa e Ensino","isPartOf":{"@id":"https:\/\/www.rededorsaoluiz.com.br\/instituto\/idor\/#website"},"primaryImageOfPage":{"@id":"https:\/\/www.rededorsaoluiz.com.br\/instituto\/idor\/post_scientists\/jorge-moll\/#primaryimage"},"image":{"@id":"https:\/\/www.rededorsaoluiz.com.br\/instituto\/idor\/post_scientists\/jorge-moll\/#primaryimage"},"thumbnailUrl":"https:\/\/www.rededorsaoluiz.com.br\/instituto\/idor\/wp-content\/uploads\/2025\/12\/Jorge-Moll-thumb.png","datePublished":"2025-12-05T15:12:55+00:00","dateModified":"2026-01-21T18:38:02+00:00","breadcrumb":{"@id":"https:\/\/www.rededorsaoluiz.com.br\/instituto\/idor\/post_scientists\/jorge-moll\/#breadcrumb"},"inLanguage":"pt-BR","potentialAction":[{"@type":"ReadAction","target":["https:\/\/www.rededorsaoluiz.com.br\/instituto\/idor\/post_scientists\/jorge-moll\/"]}]},{"@type":"ImageObject","inLanguage":"pt-BR","@id":"https:\/\/www.rededorsaoluiz.com.br\/instituto\/idor\/post_scientists\/jorge-moll\/#primaryimage","url":"https:\/\/www.rededorsaoluiz.com.br\/instituto\/idor\/wp-content\/uploads\/2025\/12\/Jorge-Moll-thumb.png","contentUrl":"https:\/\/www.rededorsaoluiz.com.br\/instituto\/idor\/wp-content\/uploads\/2025\/12\/Jorge-Moll-thumb.png","width":400,"height":297},{"@type":"BreadcrumbList","@id":"https:\/\/www.rededorsaoluiz.com.br\/instituto\/idor\/post_scientists\/jorge-moll\/#breadcrumb","itemListElement":[{"@type":"ListItem","position":1,"name":"In\u00edcio","item":"https:\/\/www.rededorsaoluiz.com.br\/instituto\/idor\/"},{"@type":"ListItem","position":2,"name":"Pesquisadores","item":"https:\/\/www.rededorsaoluiz.com.br\/instituto\/idor\/pesquisa\/pesquisadores\/"},{"@type":"ListItem","position":3,"name":"Jorge Moll"}]},{"@type":"WebSite","@id":"https:\/\/www.rededorsaoluiz.com.br\/instituto\/idor\/#website","url":"https:\/\/www.rededorsaoluiz.com.br\/instituto\/idor\/","name":"IDOR - Instituto D&#039;Or de Pesquisa e Ensino","description":"","potentialAction":[{"@type":"SearchAction","target":{"@type":"EntryPoint","urlTemplate":"https:\/\/www.rededorsaoluiz.com.br\/instituto\/idor\/?s={search_term_string}"},"query-input":{"@type":"PropertyValueSpecification","valueRequired":true,"valueName":"search_term_string"}}],"inLanguage":"pt-BR"}]}},"_links":{"self":[{"href":"https:\/\/www.rededorsaoluiz.com.br\/instituto\/idor\/wp-json\/wp\/v2\/pesquisador\/4713","targetHints":{"allow":["GET"]}}],"collection":[{"href":"https:\/\/www.rededorsaoluiz.com.br\/instituto\/idor\/wp-json\/wp\/v2\/pesquisador"}],"about":[{"href":"https:\/\/www.rededorsaoluiz.com.br\/instituto\/idor\/wp-json\/wp\/v2\/types\/pesquisador"}],"wp:featuredmedia":[{"embeddable":true,"href":"https:\/\/www.rededorsaoluiz.com.br\/instituto\/idor\/wp-json\/wp\/v2\/media\/4714"}],"wp:attachment":[{"href":"https:\/\/www.rededorsaoluiz.com.br\/instituto\/idor\/wp-json\/wp\/v2\/media?parent=4713"}],"wp:term":[{"taxonomy":"categoria-de-pesquisadores","embeddable":true,"href":"https:\/\/www.rededorsaoluiz.com.br\/instituto\/idor\/wp-json\/wp\/v2\/categoria-de-pesquisadores?post=4713"}],"curies":[{"name":"wp","href":"https:\/\/api.w.org\/{rel}","templated":true}]}}

<p>Pesquisa Meu grupo de pesquisa se dedica aos mecanismos cognitivos fundamentais subjacentes ao comportamento social humano, emoções morais, valores e decisões, incluindo altruísmo, pensamento prospectivo e cooperação. Empregamos ressonância magnética funcional, neurofeedback e outros métodos neurotecnológicos. Fui cofundador do IDOR em 2010 no Brasil e fundei o Scients Institute em 2018 (www.scients.org), uma organização científica pioneira com sede na Califórnia que amplia as fronteiras da pesquisa em neurociência, percepção, consciência, física e biologia.</p>

<p>Pesquisa Meu grupo de pesquisa se dedica aos mecanismos cognitivos fundamentais subjacentes ao comportamento social humano, emoções morais, valores e decisões, incluindo altruísmo, pensamento prospectivo e cooperação. Empregamos ressonância magnética funcional, neurofeedback e outros métodos neurotecnológicos. Fui cofundador do IDOR em 2010 no Brasil e fundei o Scients Institute em 2018 (www.scients.org), uma organização científica [&hellip;]</p>

<!-- This site is optimized with the Yoast SEO plugin v27.3 - https://yoast.com/product/yoast-seo-wordpress/ -->
<title>Jorge Moll - IDOR - Instituto D&#039;Or de Pesquisa e Ensino</title>
<link rel="canonical" href="https://www.rededorsaoluiz.com.br/instituto/idor/post_scientists/jorge-moll/" />
<meta property="og:locale" content="pt_BR" />
<meta property="og:type" content="article" />
<meta property="og:title" content="Jorge Moll - IDOR - Instituto D&#039;Or de Pesquisa e Ensino" />
<meta property="og:description" content="Pesquisa Meu grupo de pesquisa se dedica aos mecanismos cognitivos fundamentais subjacentes ao comportamento social humano, emoções morais, valores e decisões, incluindo altruísmo, pensamento prospectivo e cooperação. Empregamos ressonância magnética funcional, neurofeedback e outros métodos neurotecnológicos. Fui cofundador do IDOR em 2010 no Brasil e fundei o Scients Institute em 2018 (www.scients.org), uma organização científica [&hellip;]" />
<meta property="og:url" content="https://www.rededorsaoluiz.com.br/instituto/idor/post_scientists/jorge-moll/" />
<meta property="og:site_name" content="IDOR - Instituto D&#039;Or de Pesquisa e Ensino" />
<meta property="article:modified_time" content="2026-01-21T18:38:02+00:00" />
<meta property="og:image" content="https://www.rededorsaoluiz.com.br/instituto/idor/wp-content/uploads/2025/12/Jorge-Moll-thumb.png" />
	<meta property="og:image:width" content="400" />
	<meta property="og:image:height" content="297" />
	<meta property="og:image:type" content="image/png" />
<meta name="twitter:card" content="summary_large_image" />
<script type="application/ld+json" class="yoast-schema-graph">{"@context":"https:\/\/schema.org","@graph":[{"@type":"WebPage","@id":"https:\/\/www.rededorsaoluiz.com.br\/instituto\/idor\/post_scientists\/jorge-moll\/","url":"https:\/\/www.rededorsaoluiz.com.br\/instituto\/idor\/post_scientists\/jorge-moll\/","name":"Jorge Moll - IDOR - Instituto D&#039;Or de Pesquisa e Ensino","isPartOf":{"@id":"https:\/\/www.rededorsaoluiz.com.br\/instituto\/idor\/#website"},"primaryImageOfPage":{"@id":"https:\/\/www.rededorsaoluiz.com.br\/instituto\/idor\/post_scientists\/jorge-moll\/#primaryimage"},"image":{"@id":"https:\/\/www.rededorsaoluiz.com.br\/instituto\/idor\/post_scientists\/jorge-moll\/#primaryimage"},"thumbnailUrl":"https:\/\/www.rededorsaoluiz.com.br\/instituto\/idor\/wp-content\/uploads\/2025\/12\/Jorge-Moll-thumb.png","datePublished":"2025-12-05T15:12:55+00:00","dateModified":"2026-01-21T18:38:02+00:00","breadcrumb":{"@id":"https:\/\/www.rededorsaoluiz.com.br\/instituto\/idor\/post_scientists\/jorge-moll\/#breadcrumb"},"inLanguage":"pt-BR","potentialAction":[{"@type":"ReadAction","target":["https:\/\/www.rededorsaoluiz.com.br\/instituto\/idor\/post_scientists\/jorge-moll\/"]}]},{"@type":"ImageObject","inLanguage":"pt-BR","@id":"https:\/\/www.rededorsaoluiz.com.br\/instituto\/idor\/post_scientists\/jorge-moll\/#primaryimage","url":"https:\/\/www.rededorsaoluiz.com.br\/instituto\/idor\/wp-content\/uploads\/2025\/12\/Jorge-Moll-thumb.png","contentUrl":"https:\/\/www.rededorsaoluiz.com.br\/instituto\/idor\/wp-content\/uploads\/2025\/12\/Jorge-Moll-thumb.png","width":400,"height":297},{"@type":"BreadcrumbList","@id":"https:\/\/www.rededorsaoluiz.com.br\/instituto\/idor\/post_scientists\/jorge-moll\/#breadcrumb","itemListElement":[{"@type":"ListItem","position":1,"name":"Início","item":"https:\/\/www.rededorsaoluiz.com.br\/instituto\/idor\/"},{"@type":"ListItem","position":2,"name":"Pesquisadores","item":"https:\/\/www.rededorsaoluiz.com.br\/instituto\/idor\/pesquisa\/pesquisadores\/"},{"@type":"ListItem","position":3,"name":"Jorge Moll"}]},{"@type":"WebSite","@id":"https:\/\/www.rededorsaoluiz.com.br\/instituto\/idor\/#website","url":"https:\/\/www.rededorsaoluiz.com.br\/instituto\/idor\/","name":"IDOR - Instituto D&#039;Or de Pesquisa e Ensino","description":"","potentialAction":[{"@type":"SearchAction","target":{"@type":"EntryPoint","urlTemplate":"https:\/\/www.rededorsaoluiz.com.br\/instituto\/idor\/?s={search_term_string}"},"query-input":{"@type":"PropertyValueSpecification","valueRequired":true,"valueName":"search_term_string"}}],"inLanguage":"pt-BR"}]}</script>
<!-- / Yoast SEO plugin. -->

Pesquisa Meu grupo de pesquisa se dedica aos mecanismos cognitivos fundamentais subjacentes ao comportamento social humano, emoções morais, valores e decisões, incluindo altruísmo, pensamento prospectivo e cooperação. Empregamos ressonância magnética funcional, neurofeedback e outros métodos neurotecnológicos. Fui cofundador do IDOR em 2010 no Brasil e fundei o Scients Institute em 2018 (www.scients.org), uma organização científica [&hellip;]

Início
