{"id":4770,"date":"2025-12-05T12:14:08","date_gmt":"2025-12-05T15:14:08","guid":{"rendered":"https:\/\/ptbr.idor.org\/pesquisador\/denilson-campos-de-albuquerque\/"},"modified":"2026-01-22T10:13:26","modified_gmt":"2026-01-22T13:13:26","slug":"denilson-campos-de-albuquerque","status":"publish","type":"pesquisador","link":"https:\/\/www.rededorsaoluiz.com.br\/instituto\/idor\/post_scientists\/denilson-campos-de-albuquerque\/","title":{"rendered":"Denilson Campos de Albuquerque"},"content":{"rendered":"<p>Professor Titular de Cardiologia da Universidade do Estado do Rio de Janeiro (UERJ) e Professor do Programa de P\u00f3s-Gradua\u00e7\u00e3o em Ci\u00eancias M\u00e9dicas do IDOR, onde tamb\u00e9m atua como Presidente do Comit\u00ea de \u00c9tica em Pesquisa. \u00c9 Pesquisador da FAPERJ em Projetos na \u00e1rea de doen\u00e7a coronariana. Membro do Board Executivo da Cardiologia da Rede D&#8217;Or, atuando como cardiologista cl\u00ednico. Fellow do American College of Cardiology e da European Society of Cardiology, al\u00e9m da European Heart Failure Society e American Heart Failure Society. Membro Honor\u00e1rio da Academia Nacional de Medicina, Membro do Conselho Administrativo da Sociedade Brasileira de Cardiologia e Coordenador do Comit\u00ea Cient\u00edfico da Sociedade Brasileira de Cardiologia. Tem experi\u00eancia na \u00e1rea de Medicina, com \u00eanfase em Cardiologia e tamb\u00e9m em desenvolvimento de novos f\u00e1rmacos, participando com frequ\u00eancia em estudos cl\u00ednicos multic\u00eantricos nacionais e internacionais.<\/p>\n","protected":false},"excerpt":{"rendered":"<p>Professor Titular de Cardiologia da Universidade do Estado do Rio de Janeiro (UERJ) e Professor do Programa de P\u00f3s-Gradua\u00e7\u00e3o em Ci\u00eancias M\u00e9dicas do IDOR, onde tamb\u00e9m atua como Presidente do Comit\u00ea de \u00c9tica em Pesquisa. \u00c9 Pesquisador da FAPERJ em Projetos na \u00e1rea de doen\u00e7a coronariana. Membro do Board Executivo da Cardiologia da Rede D&#8217;Or, [&hellip;]<\/p>\n","protected":false},"featured_media":4771,"template":"","meta":{"_acf_changed":false},"categoria-de-pesquisadores":[187,186],"class_list":["post-4770","pesquisador","type-pesquisador","status-publish","has-post-thumbnail","hentry","categoria-de-pesquisadores-pesquisador-ensaios-clinicos","categoria-de-pesquisadores-pesquisadores-institucionais"],"acf":[],"yoast_head":"<!-- This site is optimized with the Yoast SEO plugin v27.3 - https:\/\/yoast.com\/product\/yoast-seo-wordpress\/ -->\n<title>Denilson Campos de Albuquerque - IDOR - Instituto D&#039;Or de Pesquisa e Ensino<\/title>\n<link rel=\"canonical\" href=\"https:\/\/www.rededorsaoluiz.com.br\/instituto\/idor\/post_scientists\/denilson-campos-de-albuquerque\/\" \/>\n<meta property=\"og:locale\" content=\"pt_BR\" \/>\n<meta property=\"og:type\" content=\"article\" \/>\n<meta property=\"og:title\" content=\"Denilson Campos de Albuquerque - IDOR - Instituto D&#039;Or de Pesquisa e Ensino\" \/>\n<meta property=\"og:description\" content=\"Professor Titular de Cardiologia da Universidade do Estado do Rio de Janeiro (UERJ) e Professor do Programa de P\u00f3s-Gradua\u00e7\u00e3o em Ci\u00eancias M\u00e9dicas do IDOR, onde tamb\u00e9m atua como Presidente do Comit\u00ea de \u00c9tica em Pesquisa. \u00c9 Pesquisador da FAPERJ em Projetos na \u00e1rea de doen\u00e7a coronariana. Membro do Board Executivo da Cardiologia da Rede D&#8217;Or, [&hellip;]\" \/>\n<meta property=\"og:url\" content=\"https:\/\/www.rededorsaoluiz.com.br\/instituto\/idor\/post_scientists\/denilson-campos-de-albuquerque\/\" \/>\n<meta property=\"og:site_name\" content=\"IDOR - Instituto D&#039;Or de Pesquisa e Ensino\" \/>\n<meta property=\"article:modified_time\" content=\"2026-01-22T13:13:26+00:00\" \/>\n<meta property=\"og:image\" content=\"https:\/\/www.rededorsaoluiz.com.br\/instituto\/idor\/wp-content\/uploads\/2025\/12\/MG_6199-Editar-2-e1722435884861.jpg\" \/>\n\t<meta property=\"og:image:width\" content=\"1229\" \/>\n\t<meta property=\"og:image:height\" content=\"1000\" \/>\n\t<meta property=\"og:image:type\" content=\"image\/jpeg\" \/>\n<meta name=\"twitter:card\" content=\"summary_large_image\" \/>\n<meta name=\"twitter:label1\" content=\"Est. tempo de leitura\" \/>\n\t<meta name=\"twitter:data1\" content=\"1 minuto\" \/>\n<script type=\"application\/ld+json\" class=\"yoast-schema-graph\">{\"@context\":\"https:\\\/\\\/schema.org\",\"@graph\":[{\"@type\":\"WebPage\",\"@id\":\"https:\\\/\\\/www.rededorsaoluiz.com.br\\\/instituto\\\/idor\\\/post_scientists\\\/denilson-campos-de-albuquerque\\\/\",\"url\":\"https:\\\/\\\/www.rededorsaoluiz.com.br\\\/instituto\\\/idor\\\/post_scientists\\\/denilson-campos-de-albuquerque\\\/\",\"name\":\"Denilson Campos de Albuquerque - IDOR - Instituto D&#039;Or de Pesquisa e Ensino\",\"isPartOf\":{\"@id\":\"https:\\\/\\\/www.rededorsaoluiz.com.br\\\/instituto\\\/idor\\\/#website\"},\"primaryImageOfPage\":{\"@id\":\"https:\\\/\\\/www.rededorsaoluiz.com.br\\\/instituto\\\/idor\\\/post_scientists\\\/denilson-campos-de-albuquerque\\\/#primaryimage\"},\"image\":{\"@id\":\"https:\\\/\\\/www.rededorsaoluiz.com.br\\\/instituto\\\/idor\\\/post_scientists\\\/denilson-campos-de-albuquerque\\\/#primaryimage\"},\"thumbnailUrl\":\"https:\\\/\\\/www.rededorsaoluiz.com.br\\\/instituto\\\/idor\\\/wp-content\\\/uploads\\\/2025\\\/12\\\/MG_6199-Editar-2-e1722435884861.jpg\",\"datePublished\":\"2025-12-05T15:14:08+00:00\",\"dateModified\":\"2026-01-22T13:13:26+00:00\",\"breadcrumb\":{\"@id\":\"https:\\\/\\\/www.rededorsaoluiz.com.br\\\/instituto\\\/idor\\\/post_scientists\\\/denilson-campos-de-albuquerque\\\/#breadcrumb\"},\"inLanguage\":\"pt-BR\",\"potentialAction\":[{\"@type\":\"ReadAction\",\"target\":[\"https:\\\/\\\/www.rededorsaoluiz.com.br\\\/instituto\\\/idor\\\/post_scientists\\\/denilson-campos-de-albuquerque\\\/\"]}]},{\"@type\":\"ImageObject\",\"inLanguage\":\"pt-BR\",\"@id\":\"https:\\\/\\\/www.rededorsaoluiz.com.br\\\/instituto\\\/idor\\\/post_scientists\\\/denilson-campos-de-albuquerque\\\/#primaryimage\",\"url\":\"https:\\\/\\\/www.rededorsaoluiz.com.br\\\/instituto\\\/idor\\\/wp-content\\\/uploads\\\/2025\\\/12\\\/MG_6199-Editar-2-e1722435884861.jpg\",\"contentUrl\":\"https:\\\/\\\/www.rededorsaoluiz.com.br\\\/instituto\\\/idor\\\/wp-content\\\/uploads\\\/2025\\\/12\\\/MG_6199-Editar-2-e1722435884861.jpg\",\"width\":1229,\"height\":1000},{\"@type\":\"BreadcrumbList\",\"@id\":\"https:\\\/\\\/www.rededorsaoluiz.com.br\\\/instituto\\\/idor\\\/post_scientists\\\/denilson-campos-de-albuquerque\\\/#breadcrumb\",\"itemListElement\":[{\"@type\":\"ListItem\",\"position\":1,\"name\":\"In\u00edcio\",\"item\":\"https:\\\/\\\/www.rededorsaoluiz.com.br\\\/instituto\\\/idor\\\/\"},{\"@type\":\"ListItem\",\"position\":2,\"name\":\"Pesquisadores\",\"item\":\"https:\\\/\\\/www.rededorsaoluiz.com.br\\\/instituto\\\/idor\\\/pesquisa\\\/pesquisadores\\\/\"},{\"@type\":\"ListItem\",\"position\":3,\"name\":\"Denilson Campos de Albuquerque\"}]},{\"@type\":\"WebSite\",\"@id\":\"https:\\\/\\\/www.rededorsaoluiz.com.br\\\/instituto\\\/idor\\\/#website\",\"url\":\"https:\\\/\\\/www.rededorsaoluiz.com.br\\\/instituto\\\/idor\\\/\",\"name\":\"IDOR - Instituto D&#039;Or de Pesquisa e Ensino\",\"description\":\"\",\"potentialAction\":[{\"@type\":\"SearchAction\",\"target\":{\"@type\":\"EntryPoint\",\"urlTemplate\":\"https:\\\/\\\/www.rededorsaoluiz.com.br\\\/instituto\\\/idor\\\/?s={search_term_string}\"},\"query-input\":{\"@type\":\"PropertyValueSpecification\",\"valueRequired\":true,\"valueName\":\"search_term_string\"}}],\"inLanguage\":\"pt-BR\"}]}<\/script>\n<!-- \/ Yoast SEO plugin. -->","yoast_head_json":{"title":"Denilson Campos de Albuquerque - IDOR - Instituto D&#039;Or de Pesquisa e Ensino","canonical":"https:\/\/www.rededorsaoluiz.com.br\/instituto\/idor\/post_scientists\/denilson-campos-de-albuquerque\/","og_locale":"pt_BR","og_type":"article","og_title":"Denilson Campos de Albuquerque - IDOR - Instituto D&#039;Or de Pesquisa e Ensino","og_description":"Professor Titular de Cardiologia da Universidade do Estado do Rio de Janeiro (UERJ) e Professor do Programa de P\u00f3s-Gradua\u00e7\u00e3o em Ci\u00eancias M\u00e9dicas do IDOR, onde tamb\u00e9m atua como Presidente do Comit\u00ea de \u00c9tica em Pesquisa. \u00c9 Pesquisador da FAPERJ em Projetos na \u00e1rea de doen\u00e7a coronariana. Membro do Board Executivo da Cardiologia da Rede D&#8217;Or, [&hellip;]","og_url":"https:\/\/www.rededorsaoluiz.com.br\/instituto\/idor\/post_scientists\/denilson-campos-de-albuquerque\/","og_site_name":"IDOR - Instituto D&#039;Or de Pesquisa e Ensino","article_modified_time":"2026-01-22T13:13:26+00:00","og_image":[{"width":1229,"height":1000,"url":"https:\/\/www.rededorsaoluiz.com.br\/instituto\/idor\/wp-content\/uploads\/2025\/12\/MG_6199-Editar-2-e1722435884861.jpg","type":"image\/jpeg"}],"twitter_card":"summary_large_image","twitter_misc":{"Est. tempo de leitura":"1 minuto"},"schema":{"@context":"https:\/\/schema.org","@graph":[{"@type":"WebPage","@id":"https:\/\/www.rededorsaoluiz.com.br\/instituto\/idor\/post_scientists\/denilson-campos-de-albuquerque\/","url":"https:\/\/www.rededorsaoluiz.com.br\/instituto\/idor\/post_scientists\/denilson-campos-de-albuquerque\/","name":"Denilson Campos de Albuquerque - IDOR - Instituto D&#039;Or de Pesquisa e Ensino","isPartOf":{"@id":"https:\/\/www.rededorsaoluiz.com.br\/instituto\/idor\/#website"},"primaryImageOfPage":{"@id":"https:\/\/www.rededorsaoluiz.com.br\/instituto\/idor\/post_scientists\/denilson-campos-de-albuquerque\/#primaryimage"},"image":{"@id":"https:\/\/www.rededorsaoluiz.com.br\/instituto\/idor\/post_scientists\/denilson-campos-de-albuquerque\/#primaryimage"},"thumbnailUrl":"https:\/\/www.rededorsaoluiz.com.br\/instituto\/idor\/wp-content\/uploads\/2025\/12\/MG_6199-Editar-2-e1722435884861.jpg","datePublished":"2025-12-05T15:14:08+00:00","dateModified":"2026-01-22T13:13:26+00:00","breadcrumb":{"@id":"https:\/\/www.rededorsaoluiz.com.br\/instituto\/idor\/post_scientists\/denilson-campos-de-albuquerque\/#breadcrumb"},"inLanguage":"pt-BR","potentialAction":[{"@type":"ReadAction","target":["https:\/\/www.rededorsaoluiz.com.br\/instituto\/idor\/post_scientists\/denilson-campos-de-albuquerque\/"]}]},{"@type":"ImageObject","inLanguage":"pt-BR","@id":"https:\/\/www.rededorsaoluiz.com.br\/instituto\/idor\/post_scientists\/denilson-campos-de-albuquerque\/#primaryimage","url":"https:\/\/www.rededorsaoluiz.com.br\/instituto\/idor\/wp-content\/uploads\/2025\/12\/MG_6199-Editar-2-e1722435884861.jpg","contentUrl":"https:\/\/www.rededorsaoluiz.com.br\/instituto\/idor\/wp-content\/uploads\/2025\/12\/MG_6199-Editar-2-e1722435884861.jpg","width":1229,"height":1000},{"@type":"BreadcrumbList","@id":"https:\/\/www.rededorsaoluiz.com.br\/instituto\/idor\/post_scientists\/denilson-campos-de-albuquerque\/#breadcrumb","itemListElement":[{"@type":"ListItem","position":1,"name":"In\u00edcio","item":"https:\/\/www.rededorsaoluiz.com.br\/instituto\/idor\/"},{"@type":"ListItem","position":2,"name":"Pesquisadores","item":"https:\/\/www.rededorsaoluiz.com.br\/instituto\/idor\/pesquisa\/pesquisadores\/"},{"@type":"ListItem","position":3,"name":"Denilson Campos de Albuquerque"}]},{"@type":"WebSite","@id":"https:\/\/www.rededorsaoluiz.com.br\/instituto\/idor\/#website","url":"https:\/\/www.rededorsaoluiz.com.br\/instituto\/idor\/","name":"IDOR - Instituto D&#039;Or de Pesquisa e Ensino","description":"","potentialAction":[{"@type":"SearchAction","target":{"@type":"EntryPoint","urlTemplate":"https:\/\/www.rededorsaoluiz.com.br\/instituto\/idor\/?s={search_term_string}"},"query-input":{"@type":"PropertyValueSpecification","valueRequired":true,"valueName":"search_term_string"}}],"inLanguage":"pt-BR"}]}},"_links":{"self":[{"href":"https:\/\/www.rededorsaoluiz.com.br\/instituto\/idor\/wp-json\/wp\/v2\/pesquisador\/4770","targetHints":{"allow":["GET"]}}],"collection":[{"href":"https:\/\/www.rededorsaoluiz.com.br\/instituto\/idor\/wp-json\/wp\/v2\/pesquisador"}],"about":[{"href":"https:\/\/www.rededorsaoluiz.com.br\/instituto\/idor\/wp-json\/wp\/v2\/types\/pesquisador"}],"wp:featuredmedia":[{"embeddable":true,"href":"https:\/\/www.rededorsaoluiz.com.br\/instituto\/idor\/wp-json\/wp\/v2\/media\/4771"}],"wp:attachment":[{"href":"https:\/\/www.rededorsaoluiz.com.br\/instituto\/idor\/wp-json\/wp\/v2\/media?parent=4770"}],"wp:term":[{"taxonomy":"categoria-de-pesquisadores","embeddable":true,"href":"https:\/\/www.rededorsaoluiz.com.br\/instituto\/idor\/wp-json\/wp\/v2\/categoria-de-pesquisadores?post=4770"}],"curies":[{"name":"wp","href":"https:\/\/api.w.org\/{rel}","templated":true}]}}

<p>Professor Titular de Cardiologia da Universidade do Estado do Rio de Janeiro (UERJ) e Professor do Programa de Pós-Graduação em Ciências Médicas do IDOR, onde também atua como Presidente do Comitê de Ética em Pesquisa. É Pesquisador da FAPERJ em Projetos na área de doença coronariana. Membro do Board Executivo da Cardiologia da Rede D&#8217;Or, atuando como cardiologista clínico. Fellow do American College of Cardiology e da European Society of Cardiology, além da European Heart Failure Society e American Heart Failure Society. Membro Honorário da Academia Nacional de Medicina, Membro do Conselho Administrativo da Sociedade Brasileira de Cardiologia e Coordenador do Comitê Científico da Sociedade Brasileira de Cardiologia. Tem experiência na área de Medicina, com ênfase em Cardiologia e também em desenvolvimento de novos fármacos, participando com frequência em estudos clínicos multicêntricos nacionais e internacionais.</p>

<p>Professor Titular de Cardiologia da Universidade do Estado do Rio de Janeiro (UERJ) e Professor do Programa de Pós-Graduação em Ciências Médicas do IDOR, onde também atua como Presidente do Comitê de Ética em Pesquisa. É Pesquisador da FAPERJ em Projetos na área de doença coronariana. Membro do Board Executivo da Cardiologia da Rede D&#8217;Or, [&hellip;]</p>

<!-- This site is optimized with the Yoast SEO plugin v27.3 - https://yoast.com/product/yoast-seo-wordpress/ -->
<title>Denilson Campos de Albuquerque - IDOR - Instituto D&#039;Or de Pesquisa e Ensino</title>
<link rel="canonical" href="https://www.rededorsaoluiz.com.br/instituto/idor/post_scientists/denilson-campos-de-albuquerque/" />
<meta property="og:locale" content="pt_BR" />
<meta property="og:type" content="article" />
<meta property="og:title" content="Denilson Campos de Albuquerque - IDOR - Instituto D&#039;Or de Pesquisa e Ensino" />
<meta property="og:description" content="Professor Titular de Cardiologia da Universidade do Estado do Rio de Janeiro (UERJ) e Professor do Programa de Pós-Graduação em Ciências Médicas do IDOR, onde também atua como Presidente do Comitê de Ética em Pesquisa. É Pesquisador da FAPERJ em Projetos na área de doença coronariana. Membro do Board Executivo da Cardiologia da Rede D&#8217;Or, [&hellip;]" />
<meta property="og:url" content="https://www.rededorsaoluiz.com.br/instituto/idor/post_scientists/denilson-campos-de-albuquerque/" />
<meta property="og:site_name" content="IDOR - Instituto D&#039;Or de Pesquisa e Ensino" />
<meta property="article:modified_time" content="2026-01-22T13:13:26+00:00" />
<meta property="og:image" content="https://www.rededorsaoluiz.com.br/instituto/idor/wp-content/uploads/2025/12/MG_6199-Editar-2-e1722435884861.jpg" />
	<meta property="og:image:width" content="1229" />
	<meta property="og:image:height" content="1000" />
	<meta property="og:image:type" content="image/jpeg" />
<meta name="twitter:card" content="summary_large_image" />
<meta name="twitter:label1" content="Est. tempo de leitura" />
	<meta name="twitter:data1" content="1 minuto" />
<script type="application/ld+json" class="yoast-schema-graph">{"@context":"https:\/\/schema.org","@graph":[{"@type":"WebPage","@id":"https:\/\/www.rededorsaoluiz.com.br\/instituto\/idor\/post_scientists\/denilson-campos-de-albuquerque\/","url":"https:\/\/www.rededorsaoluiz.com.br\/instituto\/idor\/post_scientists\/denilson-campos-de-albuquerque\/","name":"Denilson Campos de Albuquerque - IDOR - Instituto D&#039;Or de Pesquisa e Ensino","isPartOf":{"@id":"https:\/\/www.rededorsaoluiz.com.br\/instituto\/idor\/#website"},"primaryImageOfPage":{"@id":"https:\/\/www.rededorsaoluiz.com.br\/instituto\/idor\/post_scientists\/denilson-campos-de-albuquerque\/#primaryimage"},"image":{"@id":"https:\/\/www.rededorsaoluiz.com.br\/instituto\/idor\/post_scientists\/denilson-campos-de-albuquerque\/#primaryimage"},"thumbnailUrl":"https:\/\/www.rededorsaoluiz.com.br\/instituto\/idor\/wp-content\/uploads\/2025\/12\/MG_6199-Editar-2-e1722435884861.jpg","datePublished":"2025-12-05T15:14:08+00:00","dateModified":"2026-01-22T13:13:26+00:00","breadcrumb":{"@id":"https:\/\/www.rededorsaoluiz.com.br\/instituto\/idor\/post_scientists\/denilson-campos-de-albuquerque\/#breadcrumb"},"inLanguage":"pt-BR","potentialAction":[{"@type":"ReadAction","target":["https:\/\/www.rededorsaoluiz.com.br\/instituto\/idor\/post_scientists\/denilson-campos-de-albuquerque\/"]}]},{"@type":"ImageObject","inLanguage":"pt-BR","@id":"https:\/\/www.rededorsaoluiz.com.br\/instituto\/idor\/post_scientists\/denilson-campos-de-albuquerque\/#primaryimage","url":"https:\/\/www.rededorsaoluiz.com.br\/instituto\/idor\/wp-content\/uploads\/2025\/12\/MG_6199-Editar-2-e1722435884861.jpg","contentUrl":"https:\/\/www.rededorsaoluiz.com.br\/instituto\/idor\/wp-content\/uploads\/2025\/12\/MG_6199-Editar-2-e1722435884861.jpg","width":1229,"height":1000},{"@type":"BreadcrumbList","@id":"https:\/\/www.rededorsaoluiz.com.br\/instituto\/idor\/post_scientists\/denilson-campos-de-albuquerque\/#breadcrumb","itemListElement":[{"@type":"ListItem","position":1,"name":"Início","item":"https:\/\/www.rededorsaoluiz.com.br\/instituto\/idor\/"},{"@type":"ListItem","position":2,"name":"Pesquisadores","item":"https:\/\/www.rededorsaoluiz.com.br\/instituto\/idor\/pesquisa\/pesquisadores\/"},{"@type":"ListItem","position":3,"name":"Denilson Campos de Albuquerque"}]},{"@type":"WebSite","@id":"https:\/\/www.rededorsaoluiz.com.br\/instituto\/idor\/#website","url":"https:\/\/www.rededorsaoluiz.com.br\/instituto\/idor\/","name":"IDOR - Instituto D&#039;Or de Pesquisa e Ensino","description":"","potentialAction":[{"@type":"SearchAction","target":{"@type":"EntryPoint","urlTemplate":"https:\/\/www.rededorsaoluiz.com.br\/instituto\/idor\/?s={search_term_string}"},"query-input":{"@type":"PropertyValueSpecification","valueRequired":true,"valueName":"search_term_string"}}],"inLanguage":"pt-BR"}]}</script>
<!-- / Yoast SEO plugin. -->

Professor Titular de Cardiologia da Universidade do Estado do Rio de Janeiro (UERJ) e Professor do Programa de Pós-Graduação em Ciências Médicas do IDOR, onde também atua como Presidente do Comitê de Ética em Pesquisa. É Pesquisador da FAPERJ em Projetos na área de doença coronariana. Membro do Board Executivo da Cardiologia da Rede D&#8217;Or, [&hellip;]

Início
