{"id":5130,"date":"2025-12-05T12:21:56","date_gmt":"2025-12-05T15:21:56","guid":{"rendered":"https:\/\/ptbr.idor.org\/pesquisador\/pedro-fernandez-del-peloso\/"},"modified":"2025-12-05T12:21:56","modified_gmt":"2025-12-05T15:21:56","slug":"pedro-fernandez-del-peloso","status":"publish","type":"pesquisador","link":"https:\/\/www.rededorsaoluiz.com.br\/instituto\/idor\/post_scientists\/pedro-fernandez-del-peloso\/","title":{"rendered":"Pedro Fernandez Del Peloso"},"content":{"rendered":"<p>Bi\u00f3logo, Doutor em Ci\u00eancias M\u00e9dicas pelo Instituto D&#8217;Or de Pesquisa e Ensino. Mestre em Sa\u00fade, Medicina Laboratorial e Tecnologia Forense pela Universidade Estadual do Rio de Janeiro. Microbiologista Cl\u00ednico, com atua\u00e7\u00e3o em Laborat\u00f3rios de An\u00e1lises Cl\u00ednicas, com \u00eanfase em Diagn\u00f3stico Microbiol\u00f3gico, Mecanismos de Resist\u00eancia Bacteriana, identifica\u00e7\u00e3o bacteriana por espectrometria de massa (MALDI-TOF) e Comiss\u00e3o de Controle em Infec\u00e7\u00e3o Hospitalar.<\/p>\n","protected":false},"excerpt":{"rendered":"<p>Bi\u00f3logo, Doutor em Ci\u00eancias M\u00e9dicas pelo Instituto D&#8217;Or de Pesquisa e Ensino. Mestre em Sa\u00fade, Medicina Laboratorial e Tecnologia Forense pela Universidade Estadual do Rio de Janeiro. Microbiologista Cl\u00ednico, com atua\u00e7\u00e3o em Laborat\u00f3rios de An\u00e1lises Cl\u00ednicas, com \u00eanfase em Diagn\u00f3stico Microbiol\u00f3gico, Mecanismos de Resist\u00eancia Bacteriana, identifica\u00e7\u00e3o bacteriana por espectrometria de massa (MALDI-TOF) e Comiss\u00e3o de [&hellip;]<\/p>\n","protected":false},"featured_media":5134,"template":"","meta":{"_acf_changed":false},"categoria-de-pesquisadores":[187],"class_list":["post-5130","pesquisador","type-pesquisador","status-publish","has-post-thumbnail","hentry","categoria-de-pesquisadores-pesquisador-ensaios-clinicos"],"acf":[],"yoast_head":"<!-- This site is optimized with the Yoast SEO plugin v27.3 - https:\/\/yoast.com\/product\/yoast-seo-wordpress\/ -->\n<title>Pedro Fernandez Del Peloso - IDOR - Instituto D&#039;Or de Pesquisa e Ensino<\/title>\n<link rel=\"canonical\" href=\"https:\/\/www.rededorsaoluiz.com.br\/instituto\/idor\/post_scientists\/pedro-fernandez-del-peloso\/\" \/>\n<meta property=\"og:locale\" content=\"pt_BR\" \/>\n<meta property=\"og:type\" content=\"article\" \/>\n<meta property=\"og:title\" content=\"Pedro Fernandez Del Peloso - IDOR - Instituto D&#039;Or de Pesquisa e Ensino\" \/>\n<meta property=\"og:description\" content=\"Bi\u00f3logo, Doutor em Ci\u00eancias M\u00e9dicas pelo Instituto D&#8217;Or de Pesquisa e Ensino. Mestre em Sa\u00fade, Medicina Laboratorial e Tecnologia Forense pela Universidade Estadual do Rio de Janeiro. Microbiologista Cl\u00ednico, com atua\u00e7\u00e3o em Laborat\u00f3rios de An\u00e1lises Cl\u00ednicas, com \u00eanfase em Diagn\u00f3stico Microbiol\u00f3gico, Mecanismos de Resist\u00eancia Bacteriana, identifica\u00e7\u00e3o bacteriana por espectrometria de massa (MALDI-TOF) e Comiss\u00e3o de [&hellip;]\" \/>\n<meta property=\"og:url\" content=\"https:\/\/www.rededorsaoluiz.com.br\/instituto\/idor\/post_scientists\/pedro-fernandez-del-peloso\/\" \/>\n<meta property=\"og:site_name\" content=\"IDOR - Instituto D&#039;Or de Pesquisa e Ensino\" \/>\n<meta property=\"og:image\" content=\"https:\/\/www.rededorsaoluiz.com.br\/instituto\/idor\/wp-content\/uploads\/2025\/12\/Pedro-Fernandez-Del-Peloso-THUMB-1.jpg\" \/>\n\t<meta property=\"og:image:width\" content=\"538\" \/>\n\t<meta property=\"og:image:height\" content=\"400\" \/>\n\t<meta property=\"og:image:type\" content=\"image\/jpeg\" \/>\n<meta name=\"twitter:card\" content=\"summary_large_image\" \/>\n<script type=\"application\/ld+json\" class=\"yoast-schema-graph\">{\"@context\":\"https:\\\/\\\/schema.org\",\"@graph\":[{\"@type\":\"WebPage\",\"@id\":\"https:\\\/\\\/www.rededorsaoluiz.com.br\\\/instituto\\\/idor\\\/post_scientists\\\/pedro-fernandez-del-peloso\\\/\",\"url\":\"https:\\\/\\\/www.rededorsaoluiz.com.br\\\/instituto\\\/idor\\\/post_scientists\\\/pedro-fernandez-del-peloso\\\/\",\"name\":\"Pedro Fernandez Del Peloso - IDOR - Instituto D&#039;Or de Pesquisa e Ensino\",\"isPartOf\":{\"@id\":\"https:\\\/\\\/www.rededorsaoluiz.com.br\\\/instituto\\\/idor\\\/#website\"},\"primaryImageOfPage\":{\"@id\":\"https:\\\/\\\/www.rededorsaoluiz.com.br\\\/instituto\\\/idor\\\/post_scientists\\\/pedro-fernandez-del-peloso\\\/#primaryimage\"},\"image\":{\"@id\":\"https:\\\/\\\/www.rededorsaoluiz.com.br\\\/instituto\\\/idor\\\/post_scientists\\\/pedro-fernandez-del-peloso\\\/#primaryimage\"},\"thumbnailUrl\":\"https:\\\/\\\/www.rededorsaoluiz.com.br\\\/instituto\\\/idor\\\/wp-content\\\/uploads\\\/2025\\\/12\\\/Pedro-Fernandez-Del-Peloso-THUMB-1.jpg\",\"datePublished\":\"2025-12-05T15:21:56+00:00\",\"breadcrumb\":{\"@id\":\"https:\\\/\\\/www.rededorsaoluiz.com.br\\\/instituto\\\/idor\\\/post_scientists\\\/pedro-fernandez-del-peloso\\\/#breadcrumb\"},\"inLanguage\":\"pt-BR\",\"potentialAction\":[{\"@type\":\"ReadAction\",\"target\":[\"https:\\\/\\\/www.rededorsaoluiz.com.br\\\/instituto\\\/idor\\\/post_scientists\\\/pedro-fernandez-del-peloso\\\/\"]}]},{\"@type\":\"ImageObject\",\"inLanguage\":\"pt-BR\",\"@id\":\"https:\\\/\\\/www.rededorsaoluiz.com.br\\\/instituto\\\/idor\\\/post_scientists\\\/pedro-fernandez-del-peloso\\\/#primaryimage\",\"url\":\"https:\\\/\\\/www.rededorsaoluiz.com.br\\\/instituto\\\/idor\\\/wp-content\\\/uploads\\\/2025\\\/12\\\/Pedro-Fernandez-Del-Peloso-THUMB-1.jpg\",\"contentUrl\":\"https:\\\/\\\/www.rededorsaoluiz.com.br\\\/instituto\\\/idor\\\/wp-content\\\/uploads\\\/2025\\\/12\\\/Pedro-Fernandez-Del-Peloso-THUMB-1.jpg\",\"width\":538,\"height\":400},{\"@type\":\"BreadcrumbList\",\"@id\":\"https:\\\/\\\/www.rededorsaoluiz.com.br\\\/instituto\\\/idor\\\/post_scientists\\\/pedro-fernandez-del-peloso\\\/#breadcrumb\",\"itemListElement\":[{\"@type\":\"ListItem\",\"position\":1,\"name\":\"In\u00edcio\",\"item\":\"https:\\\/\\\/www.rededorsaoluiz.com.br\\\/instituto\\\/idor\\\/\"},{\"@type\":\"ListItem\",\"position\":2,\"name\":\"Pesquisadores\",\"item\":\"https:\\\/\\\/www.rededorsaoluiz.com.br\\\/instituto\\\/idor\\\/pesquisa\\\/pesquisadores\\\/\"},{\"@type\":\"ListItem\",\"position\":3,\"name\":\"Pedro Fernandez Del Peloso\"}]},{\"@type\":\"WebSite\",\"@id\":\"https:\\\/\\\/www.rededorsaoluiz.com.br\\\/instituto\\\/idor\\\/#website\",\"url\":\"https:\\\/\\\/www.rededorsaoluiz.com.br\\\/instituto\\\/idor\\\/\",\"name\":\"IDOR - Instituto D&#039;Or de Pesquisa e Ensino\",\"description\":\"\",\"potentialAction\":[{\"@type\":\"SearchAction\",\"target\":{\"@type\":\"EntryPoint\",\"urlTemplate\":\"https:\\\/\\\/www.rededorsaoluiz.com.br\\\/instituto\\\/idor\\\/?s={search_term_string}\"},\"query-input\":{\"@type\":\"PropertyValueSpecification\",\"valueRequired\":true,\"valueName\":\"search_term_string\"}}],\"inLanguage\":\"pt-BR\"}]}<\/script>\n<!-- \/ Yoast SEO plugin. -->","yoast_head_json":{"title":"Pedro Fernandez Del Peloso - IDOR - Instituto D&#039;Or de Pesquisa e Ensino","canonical":"https:\/\/www.rededorsaoluiz.com.br\/instituto\/idor\/post_scientists\/pedro-fernandez-del-peloso\/","og_locale":"pt_BR","og_type":"article","og_title":"Pedro Fernandez Del Peloso - IDOR - Instituto D&#039;Or de Pesquisa e Ensino","og_description":"Bi\u00f3logo, Doutor em Ci\u00eancias M\u00e9dicas pelo Instituto D&#8217;Or de Pesquisa e Ensino. Mestre em Sa\u00fade, Medicina Laboratorial e Tecnologia Forense pela Universidade Estadual do Rio de Janeiro. Microbiologista Cl\u00ednico, com atua\u00e7\u00e3o em Laborat\u00f3rios de An\u00e1lises Cl\u00ednicas, com \u00eanfase em Diagn\u00f3stico Microbiol\u00f3gico, Mecanismos de Resist\u00eancia Bacteriana, identifica\u00e7\u00e3o bacteriana por espectrometria de massa (MALDI-TOF) e Comiss\u00e3o de [&hellip;]","og_url":"https:\/\/www.rededorsaoluiz.com.br\/instituto\/idor\/post_scientists\/pedro-fernandez-del-peloso\/","og_site_name":"IDOR - Instituto D&#039;Or de Pesquisa e Ensino","og_image":[{"width":538,"height":400,"url":"https:\/\/www.rededorsaoluiz.com.br\/instituto\/idor\/wp-content\/uploads\/2025\/12\/Pedro-Fernandez-Del-Peloso-THUMB-1.jpg","type":"image\/jpeg"}],"twitter_card":"summary_large_image","schema":{"@context":"https:\/\/schema.org","@graph":[{"@type":"WebPage","@id":"https:\/\/www.rededorsaoluiz.com.br\/instituto\/idor\/post_scientists\/pedro-fernandez-del-peloso\/","url":"https:\/\/www.rededorsaoluiz.com.br\/instituto\/idor\/post_scientists\/pedro-fernandez-del-peloso\/","name":"Pedro Fernandez Del Peloso - IDOR - Instituto D&#039;Or de Pesquisa e Ensino","isPartOf":{"@id":"https:\/\/www.rededorsaoluiz.com.br\/instituto\/idor\/#website"},"primaryImageOfPage":{"@id":"https:\/\/www.rededorsaoluiz.com.br\/instituto\/idor\/post_scientists\/pedro-fernandez-del-peloso\/#primaryimage"},"image":{"@id":"https:\/\/www.rededorsaoluiz.com.br\/instituto\/idor\/post_scientists\/pedro-fernandez-del-peloso\/#primaryimage"},"thumbnailUrl":"https:\/\/www.rededorsaoluiz.com.br\/instituto\/idor\/wp-content\/uploads\/2025\/12\/Pedro-Fernandez-Del-Peloso-THUMB-1.jpg","datePublished":"2025-12-05T15:21:56+00:00","breadcrumb":{"@id":"https:\/\/www.rededorsaoluiz.com.br\/instituto\/idor\/post_scientists\/pedro-fernandez-del-peloso\/#breadcrumb"},"inLanguage":"pt-BR","potentialAction":[{"@type":"ReadAction","target":["https:\/\/www.rededorsaoluiz.com.br\/instituto\/idor\/post_scientists\/pedro-fernandez-del-peloso\/"]}]},{"@type":"ImageObject","inLanguage":"pt-BR","@id":"https:\/\/www.rededorsaoluiz.com.br\/instituto\/idor\/post_scientists\/pedro-fernandez-del-peloso\/#primaryimage","url":"https:\/\/www.rededorsaoluiz.com.br\/instituto\/idor\/wp-content\/uploads\/2025\/12\/Pedro-Fernandez-Del-Peloso-THUMB-1.jpg","contentUrl":"https:\/\/www.rededorsaoluiz.com.br\/instituto\/idor\/wp-content\/uploads\/2025\/12\/Pedro-Fernandez-Del-Peloso-THUMB-1.jpg","width":538,"height":400},{"@type":"BreadcrumbList","@id":"https:\/\/www.rededorsaoluiz.com.br\/instituto\/idor\/post_scientists\/pedro-fernandez-del-peloso\/#breadcrumb","itemListElement":[{"@type":"ListItem","position":1,"name":"In\u00edcio","item":"https:\/\/www.rededorsaoluiz.com.br\/instituto\/idor\/"},{"@type":"ListItem","position":2,"name":"Pesquisadores","item":"https:\/\/www.rededorsaoluiz.com.br\/instituto\/idor\/pesquisa\/pesquisadores\/"},{"@type":"ListItem","position":3,"name":"Pedro Fernandez Del Peloso"}]},{"@type":"WebSite","@id":"https:\/\/www.rededorsaoluiz.com.br\/instituto\/idor\/#website","url":"https:\/\/www.rededorsaoluiz.com.br\/instituto\/idor\/","name":"IDOR - Instituto D&#039;Or de Pesquisa e Ensino","description":"","potentialAction":[{"@type":"SearchAction","target":{"@type":"EntryPoint","urlTemplate":"https:\/\/www.rededorsaoluiz.com.br\/instituto\/idor\/?s={search_term_string}"},"query-input":{"@type":"PropertyValueSpecification","valueRequired":true,"valueName":"search_term_string"}}],"inLanguage":"pt-BR"}]}},"_links":{"self":[{"href":"https:\/\/www.rededorsaoluiz.com.br\/instituto\/idor\/wp-json\/wp\/v2\/pesquisador\/5130","targetHints":{"allow":["GET"]}}],"collection":[{"href":"https:\/\/www.rededorsaoluiz.com.br\/instituto\/idor\/wp-json\/wp\/v2\/pesquisador"}],"about":[{"href":"https:\/\/www.rededorsaoluiz.com.br\/instituto\/idor\/wp-json\/wp\/v2\/types\/pesquisador"}],"wp:featuredmedia":[{"embeddable":true,"href":"https:\/\/www.rededorsaoluiz.com.br\/instituto\/idor\/wp-json\/wp\/v2\/media\/5134"}],"wp:attachment":[{"href":"https:\/\/www.rededorsaoluiz.com.br\/instituto\/idor\/wp-json\/wp\/v2\/media?parent=5130"}],"wp:term":[{"taxonomy":"categoria-de-pesquisadores","embeddable":true,"href":"https:\/\/www.rededorsaoluiz.com.br\/instituto\/idor\/wp-json\/wp\/v2\/categoria-de-pesquisadores?post=5130"}],"curies":[{"name":"wp","href":"https:\/\/api.w.org\/{rel}","templated":true}]}}

<p>Biólogo, Doutor em Ciências Médicas pelo Instituto D&#8217;Or de Pesquisa e Ensino. Mestre em Saúde, Medicina Laboratorial e Tecnologia Forense pela Universidade Estadual do Rio de Janeiro. Microbiologista Clínico, com atuação em Laboratórios de Análises Clínicas, com ênfase em Diagnóstico Microbiológico, Mecanismos de Resistência Bacteriana, identificação bacteriana por espectrometria de massa (MALDI-TOF) e Comissão de Controle em Infecção Hospitalar.</p>

<p>Biólogo, Doutor em Ciências Médicas pelo Instituto D&#8217;Or de Pesquisa e Ensino. Mestre em Saúde, Medicina Laboratorial e Tecnologia Forense pela Universidade Estadual do Rio de Janeiro. Microbiologista Clínico, com atuação em Laboratórios de Análises Clínicas, com ênfase em Diagnóstico Microbiológico, Mecanismos de Resistência Bacteriana, identificação bacteriana por espectrometria de massa (MALDI-TOF) e Comissão de [&hellip;]</p>

<!-- This site is optimized with the Yoast SEO plugin v27.3 - https://yoast.com/product/yoast-seo-wordpress/ -->
<title>Pedro Fernandez Del Peloso - IDOR - Instituto D&#039;Or de Pesquisa e Ensino</title>
<link rel="canonical" href="https://www.rededorsaoluiz.com.br/instituto/idor/post_scientists/pedro-fernandez-del-peloso/" />
<meta property="og:locale" content="pt_BR" />
<meta property="og:type" content="article" />
<meta property="og:title" content="Pedro Fernandez Del Peloso - IDOR - Instituto D&#039;Or de Pesquisa e Ensino" />
<meta property="og:description" content="Biólogo, Doutor em Ciências Médicas pelo Instituto D&#8217;Or de Pesquisa e Ensino. Mestre em Saúde, Medicina Laboratorial e Tecnologia Forense pela Universidade Estadual do Rio de Janeiro. Microbiologista Clínico, com atuação em Laboratórios de Análises Clínicas, com ênfase em Diagnóstico Microbiológico, Mecanismos de Resistência Bacteriana, identificação bacteriana por espectrometria de massa (MALDI-TOF) e Comissão de [&hellip;]" />
<meta property="og:url" content="https://www.rededorsaoluiz.com.br/instituto/idor/post_scientists/pedro-fernandez-del-peloso/" />
<meta property="og:site_name" content="IDOR - Instituto D&#039;Or de Pesquisa e Ensino" />
<meta property="og:image" content="https://www.rededorsaoluiz.com.br/instituto/idor/wp-content/uploads/2025/12/Pedro-Fernandez-Del-Peloso-THUMB-1.jpg" />
	<meta property="og:image:width" content="538" />
	<meta property="og:image:height" content="400" />
	<meta property="og:image:type" content="image/jpeg" />
<meta name="twitter:card" content="summary_large_image" />
<script type="application/ld+json" class="yoast-schema-graph">{"@context":"https:\/\/schema.org","@graph":[{"@type":"WebPage","@id":"https:\/\/www.rededorsaoluiz.com.br\/instituto\/idor\/post_scientists\/pedro-fernandez-del-peloso\/","url":"https:\/\/www.rededorsaoluiz.com.br\/instituto\/idor\/post_scientists\/pedro-fernandez-del-peloso\/","name":"Pedro Fernandez Del Peloso - IDOR - Instituto D&#039;Or de Pesquisa e Ensino","isPartOf":{"@id":"https:\/\/www.rededorsaoluiz.com.br\/instituto\/idor\/#website"},"primaryImageOfPage":{"@id":"https:\/\/www.rededorsaoluiz.com.br\/instituto\/idor\/post_scientists\/pedro-fernandez-del-peloso\/#primaryimage"},"image":{"@id":"https:\/\/www.rededorsaoluiz.com.br\/instituto\/idor\/post_scientists\/pedro-fernandez-del-peloso\/#primaryimage"},"thumbnailUrl":"https:\/\/www.rededorsaoluiz.com.br\/instituto\/idor\/wp-content\/uploads\/2025\/12\/Pedro-Fernandez-Del-Peloso-THUMB-1.jpg","datePublished":"2025-12-05T15:21:56+00:00","breadcrumb":{"@id":"https:\/\/www.rededorsaoluiz.com.br\/instituto\/idor\/post_scientists\/pedro-fernandez-del-peloso\/#breadcrumb"},"inLanguage":"pt-BR","potentialAction":[{"@type":"ReadAction","target":["https:\/\/www.rededorsaoluiz.com.br\/instituto\/idor\/post_scientists\/pedro-fernandez-del-peloso\/"]}]},{"@type":"ImageObject","inLanguage":"pt-BR","@id":"https:\/\/www.rededorsaoluiz.com.br\/instituto\/idor\/post_scientists\/pedro-fernandez-del-peloso\/#primaryimage","url":"https:\/\/www.rededorsaoluiz.com.br\/instituto\/idor\/wp-content\/uploads\/2025\/12\/Pedro-Fernandez-Del-Peloso-THUMB-1.jpg","contentUrl":"https:\/\/www.rededorsaoluiz.com.br\/instituto\/idor\/wp-content\/uploads\/2025\/12\/Pedro-Fernandez-Del-Peloso-THUMB-1.jpg","width":538,"height":400},{"@type":"BreadcrumbList","@id":"https:\/\/www.rededorsaoluiz.com.br\/instituto\/idor\/post_scientists\/pedro-fernandez-del-peloso\/#breadcrumb","itemListElement":[{"@type":"ListItem","position":1,"name":"Início","item":"https:\/\/www.rededorsaoluiz.com.br\/instituto\/idor\/"},{"@type":"ListItem","position":2,"name":"Pesquisadores","item":"https:\/\/www.rededorsaoluiz.com.br\/instituto\/idor\/pesquisa\/pesquisadores\/"},{"@type":"ListItem","position":3,"name":"Pedro Fernandez Del Peloso"}]},{"@type":"WebSite","@id":"https:\/\/www.rededorsaoluiz.com.br\/instituto\/idor\/#website","url":"https:\/\/www.rededorsaoluiz.com.br\/instituto\/idor\/","name":"IDOR - Instituto D&#039;Or de Pesquisa e Ensino","description":"","potentialAction":[{"@type":"SearchAction","target":{"@type":"EntryPoint","urlTemplate":"https:\/\/www.rededorsaoluiz.com.br\/instituto\/idor\/?s={search_term_string}"},"query-input":{"@type":"PropertyValueSpecification","valueRequired":true,"valueName":"search_term_string"}}],"inLanguage":"pt-BR"}]}</script>
<!-- / Yoast SEO plugin. -->

Biólogo, Doutor em Ciências Médicas pelo Instituto D&#8217;Or de Pesquisa e Ensino. Mestre em Saúde, Medicina Laboratorial e Tecnologia Forense pela Universidade Estadual do Rio de Janeiro. Microbiologista Clínico, com atuação em Laboratórios de Análises Clínicas, com ênfase em Diagnóstico Microbiológico, Mecanismos de Resistência Bacteriana, identificação bacteriana por espectrometria de massa (MALDI-TOF) e Comissão de [&hellip;]

Início
