{"id":5137,"date":"2025-12-05T12:22:03","date_gmt":"2025-12-05T15:22:03","guid":{"rendered":"https:\/\/ptbr.idor.org\/pesquisador\/ludhmila-abrahao-hajjar\/"},"modified":"2026-01-21T15:35:56","modified_gmt":"2026-01-21T18:35:56","slug":"ludhmila-abrahao-hajjar","status":"publish","type":"pesquisador","link":"https:\/\/www.rededorsaoluiz.com.br\/instituto\/idor\/post_scientists\/ludhmila-abrahao-hajjar\/","title":{"rendered":"Ludhmila Abrah\u00e3o Hajjar"},"content":{"rendered":"<p>Professora Titular das Emerg\u00eancias Cl\u00ednicas da Faculdade de Medicina da Universidade de S\u00e3o Paulo (FMUSP). Especialista em Cardiologia, Terapia Intensiva e Medicina de Emerg\u00eancia. Linhas de pesquisa t\u00eam como foco a Monitoriza\u00e7\u00e3o Hemodin\u00e2mica, Transfus\u00e3o de Sangue no Paciente Cr\u00edtico, Medicina perioperat\u00f3ria e Cardiologia intensiva. Diretora da Cardio-oncologia do Instituto do Cora\u00e7\u00e3o do Hospital das Cl\u00ednicas da FMUSP. Coordenadora da Cardiologia do Instituto do C\u00e2ncer do Estado de S\u00e3o Paulo. Coordenadora do Programa de P\u00f3s-Gradua\u00e7\u00e3o em Cardiologia da FMUSP. Coordenadora da Cardiologia da Hospital Vila Nova Star e Coordenadora das UTIs Cardiol\u00f3gica e Cir\u00fargica do Hospital DF Star.<\/p>\n","protected":false},"excerpt":{"rendered":"<p>Professora Titular das Emerg\u00eancias Cl\u00ednicas da Faculdade de Medicina da Universidade de S\u00e3o Paulo (FMUSP). Especialista em Cardiologia, Terapia Intensiva e Medicina de Emerg\u00eancia. Linhas de pesquisa t\u00eam como foco a Monitoriza\u00e7\u00e3o Hemodin\u00e2mica, Transfus\u00e3o de Sangue no Paciente Cr\u00edtico, Medicina perioperat\u00f3ria e Cardiologia intensiva. Diretora da Cardio-oncologia do Instituto do Cora\u00e7\u00e3o do Hospital das Cl\u00ednicas [&hellip;]<\/p>\n","protected":false},"featured_media":5141,"template":"","meta":{"_acf_changed":false},"categoria-de-pesquisadores":[187,186],"class_list":["post-5137","pesquisador","type-pesquisador","status-publish","has-post-thumbnail","hentry","categoria-de-pesquisadores-pesquisador-ensaios-clinicos","categoria-de-pesquisadores-pesquisadores-institucionais"],"acf":[],"yoast_head":"<!-- This site is optimized with the Yoast SEO plugin v27.3 - https:\/\/yoast.com\/product\/yoast-seo-wordpress\/ -->\n<title>Ludhmila Abrah\u00e3o Hajjar - IDOR - Instituto D&#039;Or de Pesquisa e Ensino<\/title>\n<link rel=\"canonical\" href=\"https:\/\/www.rededorsaoluiz.com.br\/instituto\/idor\/post_scientists\/ludhmila-abrahao-hajjar\/\" \/>\n<meta property=\"og:locale\" content=\"pt_BR\" \/>\n<meta property=\"og:type\" content=\"article\" \/>\n<meta property=\"og:title\" content=\"Ludhmila Abrah\u00e3o Hajjar - IDOR - Instituto D&#039;Or de Pesquisa e Ensino\" \/>\n<meta property=\"og:description\" content=\"Professora Titular das Emerg\u00eancias Cl\u00ednicas da Faculdade de Medicina da Universidade de S\u00e3o Paulo (FMUSP). Especialista em Cardiologia, Terapia Intensiva e Medicina de Emerg\u00eancia. Linhas de pesquisa t\u00eam como foco a Monitoriza\u00e7\u00e3o Hemodin\u00e2mica, Transfus\u00e3o de Sangue no Paciente Cr\u00edtico, Medicina perioperat\u00f3ria e Cardiologia intensiva. Diretora da Cardio-oncologia do Instituto do Cora\u00e7\u00e3o do Hospital das Cl\u00ednicas [&hellip;]\" \/>\n<meta property=\"og:url\" content=\"https:\/\/www.rededorsaoluiz.com.br\/instituto\/idor\/post_scientists\/ludhmila-abrahao-hajjar\/\" \/>\n<meta property=\"og:site_name\" content=\"IDOR - Instituto D&#039;Or de Pesquisa e Ensino\" \/>\n<meta property=\"article:modified_time\" content=\"2026-01-21T18:35:56+00:00\" \/>\n<meta property=\"og:image\" content=\"https:\/\/www.rededorsaoluiz.com.br\/instituto\/idor\/wp-content\/uploads\/2025\/12\/Ludhmila-Abrahao-Hajjar-THUMB-2.jpg\" \/>\n\t<meta property=\"og:image:width\" content=\"538\" \/>\n\t<meta property=\"og:image:height\" content=\"400\" \/>\n\t<meta property=\"og:image:type\" content=\"image\/jpeg\" \/>\n<meta name=\"twitter:card\" content=\"summary_large_image\" \/>\n<meta name=\"twitter:label1\" content=\"Est. tempo de leitura\" \/>\n\t<meta name=\"twitter:data1\" content=\"1 minuto\" \/>\n<script type=\"application\/ld+json\" class=\"yoast-schema-graph\">{\"@context\":\"https:\\\/\\\/schema.org\",\"@graph\":[{\"@type\":\"WebPage\",\"@id\":\"https:\\\/\\\/www.rededorsaoluiz.com.br\\\/instituto\\\/idor\\\/post_scientists\\\/ludhmila-abrahao-hajjar\\\/\",\"url\":\"https:\\\/\\\/www.rededorsaoluiz.com.br\\\/instituto\\\/idor\\\/post_scientists\\\/ludhmila-abrahao-hajjar\\\/\",\"name\":\"Ludhmila Abrah\u00e3o Hajjar - IDOR - Instituto D&#039;Or de Pesquisa e Ensino\",\"isPartOf\":{\"@id\":\"https:\\\/\\\/www.rededorsaoluiz.com.br\\\/instituto\\\/idor\\\/#website\"},\"primaryImageOfPage\":{\"@id\":\"https:\\\/\\\/www.rededorsaoluiz.com.br\\\/instituto\\\/idor\\\/post_scientists\\\/ludhmila-abrahao-hajjar\\\/#primaryimage\"},\"image\":{\"@id\":\"https:\\\/\\\/www.rededorsaoluiz.com.br\\\/instituto\\\/idor\\\/post_scientists\\\/ludhmila-abrahao-hajjar\\\/#primaryimage\"},\"thumbnailUrl\":\"https:\\\/\\\/www.rededorsaoluiz.com.br\\\/instituto\\\/idor\\\/wp-content\\\/uploads\\\/2025\\\/12\\\/Ludhmila-Abrahao-Hajjar-THUMB-2.jpg\",\"datePublished\":\"2025-12-05T15:22:03+00:00\",\"dateModified\":\"2026-01-21T18:35:56+00:00\",\"breadcrumb\":{\"@id\":\"https:\\\/\\\/www.rededorsaoluiz.com.br\\\/instituto\\\/idor\\\/post_scientists\\\/ludhmila-abrahao-hajjar\\\/#breadcrumb\"},\"inLanguage\":\"pt-BR\",\"potentialAction\":[{\"@type\":\"ReadAction\",\"target\":[\"https:\\\/\\\/www.rededorsaoluiz.com.br\\\/instituto\\\/idor\\\/post_scientists\\\/ludhmila-abrahao-hajjar\\\/\"]}]},{\"@type\":\"ImageObject\",\"inLanguage\":\"pt-BR\",\"@id\":\"https:\\\/\\\/www.rededorsaoluiz.com.br\\\/instituto\\\/idor\\\/post_scientists\\\/ludhmila-abrahao-hajjar\\\/#primaryimage\",\"url\":\"https:\\\/\\\/www.rededorsaoluiz.com.br\\\/instituto\\\/idor\\\/wp-content\\\/uploads\\\/2025\\\/12\\\/Ludhmila-Abrahao-Hajjar-THUMB-2.jpg\",\"contentUrl\":\"https:\\\/\\\/www.rededorsaoluiz.com.br\\\/instituto\\\/idor\\\/wp-content\\\/uploads\\\/2025\\\/12\\\/Ludhmila-Abrahao-Hajjar-THUMB-2.jpg\",\"width\":538,\"height\":400},{\"@type\":\"BreadcrumbList\",\"@id\":\"https:\\\/\\\/www.rededorsaoluiz.com.br\\\/instituto\\\/idor\\\/post_scientists\\\/ludhmila-abrahao-hajjar\\\/#breadcrumb\",\"itemListElement\":[{\"@type\":\"ListItem\",\"position\":1,\"name\":\"In\u00edcio\",\"item\":\"https:\\\/\\\/www.rededorsaoluiz.com.br\\\/instituto\\\/idor\\\/\"},{\"@type\":\"ListItem\",\"position\":2,\"name\":\"Pesquisadores\",\"item\":\"https:\\\/\\\/www.rededorsaoluiz.com.br\\\/instituto\\\/idor\\\/pesquisa\\\/pesquisadores\\\/\"},{\"@type\":\"ListItem\",\"position\":3,\"name\":\"Ludhmila Abrah\u00e3o Hajjar\"}]},{\"@type\":\"WebSite\",\"@id\":\"https:\\\/\\\/www.rededorsaoluiz.com.br\\\/instituto\\\/idor\\\/#website\",\"url\":\"https:\\\/\\\/www.rededorsaoluiz.com.br\\\/instituto\\\/idor\\\/\",\"name\":\"IDOR - Instituto D&#039;Or de Pesquisa e Ensino\",\"description\":\"\",\"potentialAction\":[{\"@type\":\"SearchAction\",\"target\":{\"@type\":\"EntryPoint\",\"urlTemplate\":\"https:\\\/\\\/www.rededorsaoluiz.com.br\\\/instituto\\\/idor\\\/?s={search_term_string}\"},\"query-input\":{\"@type\":\"PropertyValueSpecification\",\"valueRequired\":true,\"valueName\":\"search_term_string\"}}],\"inLanguage\":\"pt-BR\"}]}<\/script>\n<!-- \/ Yoast SEO plugin. -->","yoast_head_json":{"title":"Ludhmila Abrah\u00e3o Hajjar - IDOR - Instituto D&#039;Or de Pesquisa e Ensino","canonical":"https:\/\/www.rededorsaoluiz.com.br\/instituto\/idor\/post_scientists\/ludhmila-abrahao-hajjar\/","og_locale":"pt_BR","og_type":"article","og_title":"Ludhmila Abrah\u00e3o Hajjar - IDOR - Instituto D&#039;Or de Pesquisa e Ensino","og_description":"Professora Titular das Emerg\u00eancias Cl\u00ednicas da Faculdade de Medicina da Universidade de S\u00e3o Paulo (FMUSP). Especialista em Cardiologia, Terapia Intensiva e Medicina de Emerg\u00eancia. Linhas de pesquisa t\u00eam como foco a Monitoriza\u00e7\u00e3o Hemodin\u00e2mica, Transfus\u00e3o de Sangue no Paciente Cr\u00edtico, Medicina perioperat\u00f3ria e Cardiologia intensiva. Diretora da Cardio-oncologia do Instituto do Cora\u00e7\u00e3o do Hospital das Cl\u00ednicas [&hellip;]","og_url":"https:\/\/www.rededorsaoluiz.com.br\/instituto\/idor\/post_scientists\/ludhmila-abrahao-hajjar\/","og_site_name":"IDOR - Instituto D&#039;Or de Pesquisa e Ensino","article_modified_time":"2026-01-21T18:35:56+00:00","og_image":[{"width":538,"height":400,"url":"https:\/\/www.rededorsaoluiz.com.br\/instituto\/idor\/wp-content\/uploads\/2025\/12\/Ludhmila-Abrahao-Hajjar-THUMB-2.jpg","type":"image\/jpeg"}],"twitter_card":"summary_large_image","twitter_misc":{"Est. tempo de leitura":"1 minuto"},"schema":{"@context":"https:\/\/schema.org","@graph":[{"@type":"WebPage","@id":"https:\/\/www.rededorsaoluiz.com.br\/instituto\/idor\/post_scientists\/ludhmila-abrahao-hajjar\/","url":"https:\/\/www.rededorsaoluiz.com.br\/instituto\/idor\/post_scientists\/ludhmila-abrahao-hajjar\/","name":"Ludhmila Abrah\u00e3o Hajjar - IDOR - Instituto D&#039;Or de Pesquisa e Ensino","isPartOf":{"@id":"https:\/\/www.rededorsaoluiz.com.br\/instituto\/idor\/#website"},"primaryImageOfPage":{"@id":"https:\/\/www.rededorsaoluiz.com.br\/instituto\/idor\/post_scientists\/ludhmila-abrahao-hajjar\/#primaryimage"},"image":{"@id":"https:\/\/www.rededorsaoluiz.com.br\/instituto\/idor\/post_scientists\/ludhmila-abrahao-hajjar\/#primaryimage"},"thumbnailUrl":"https:\/\/www.rededorsaoluiz.com.br\/instituto\/idor\/wp-content\/uploads\/2025\/12\/Ludhmila-Abrahao-Hajjar-THUMB-2.jpg","datePublished":"2025-12-05T15:22:03+00:00","dateModified":"2026-01-21T18:35:56+00:00","breadcrumb":{"@id":"https:\/\/www.rededorsaoluiz.com.br\/instituto\/idor\/post_scientists\/ludhmila-abrahao-hajjar\/#breadcrumb"},"inLanguage":"pt-BR","potentialAction":[{"@type":"ReadAction","target":["https:\/\/www.rededorsaoluiz.com.br\/instituto\/idor\/post_scientists\/ludhmila-abrahao-hajjar\/"]}]},{"@type":"ImageObject","inLanguage":"pt-BR","@id":"https:\/\/www.rededorsaoluiz.com.br\/instituto\/idor\/post_scientists\/ludhmila-abrahao-hajjar\/#primaryimage","url":"https:\/\/www.rededorsaoluiz.com.br\/instituto\/idor\/wp-content\/uploads\/2025\/12\/Ludhmila-Abrahao-Hajjar-THUMB-2.jpg","contentUrl":"https:\/\/www.rededorsaoluiz.com.br\/instituto\/idor\/wp-content\/uploads\/2025\/12\/Ludhmila-Abrahao-Hajjar-THUMB-2.jpg","width":538,"height":400},{"@type":"BreadcrumbList","@id":"https:\/\/www.rededorsaoluiz.com.br\/instituto\/idor\/post_scientists\/ludhmila-abrahao-hajjar\/#breadcrumb","itemListElement":[{"@type":"ListItem","position":1,"name":"In\u00edcio","item":"https:\/\/www.rededorsaoluiz.com.br\/instituto\/idor\/"},{"@type":"ListItem","position":2,"name":"Pesquisadores","item":"https:\/\/www.rededorsaoluiz.com.br\/instituto\/idor\/pesquisa\/pesquisadores\/"},{"@type":"ListItem","position":3,"name":"Ludhmila Abrah\u00e3o Hajjar"}]},{"@type":"WebSite","@id":"https:\/\/www.rededorsaoluiz.com.br\/instituto\/idor\/#website","url":"https:\/\/www.rededorsaoluiz.com.br\/instituto\/idor\/","name":"IDOR - Instituto D&#039;Or de Pesquisa e Ensino","description":"","potentialAction":[{"@type":"SearchAction","target":{"@type":"EntryPoint","urlTemplate":"https:\/\/www.rededorsaoluiz.com.br\/instituto\/idor\/?s={search_term_string}"},"query-input":{"@type":"PropertyValueSpecification","valueRequired":true,"valueName":"search_term_string"}}],"inLanguage":"pt-BR"}]}},"_links":{"self":[{"href":"https:\/\/www.rededorsaoluiz.com.br\/instituto\/idor\/wp-json\/wp\/v2\/pesquisador\/5137","targetHints":{"allow":["GET"]}}],"collection":[{"href":"https:\/\/www.rededorsaoluiz.com.br\/instituto\/idor\/wp-json\/wp\/v2\/pesquisador"}],"about":[{"href":"https:\/\/www.rededorsaoluiz.com.br\/instituto\/idor\/wp-json\/wp\/v2\/types\/pesquisador"}],"wp:featuredmedia":[{"embeddable":true,"href":"https:\/\/www.rededorsaoluiz.com.br\/instituto\/idor\/wp-json\/wp\/v2\/media\/5141"}],"wp:attachment":[{"href":"https:\/\/www.rededorsaoluiz.com.br\/instituto\/idor\/wp-json\/wp\/v2\/media?parent=5137"}],"wp:term":[{"taxonomy":"categoria-de-pesquisadores","embeddable":true,"href":"https:\/\/www.rededorsaoluiz.com.br\/instituto\/idor\/wp-json\/wp\/v2\/categoria-de-pesquisadores?post=5137"}],"curies":[{"name":"wp","href":"https:\/\/api.w.org\/{rel}","templated":true}]}}

Ludhmila Abrahão Hajjar

<p>Professora Titular das Emergências Clínicas da Faculdade de Medicina da Universidade de São Paulo (FMUSP). Especialista em Cardiologia, Terapia Intensiva e Medicina de Emergência. Linhas de pesquisa têm como foco a Monitorização Hemodinâmica, Transfusão de Sangue no Paciente Crítico, Medicina perioperatória e Cardiologia intensiva. Diretora da Cardio-oncologia do Instituto do Coração do Hospital das Clínicas da FMUSP. Coordenadora da Cardiologia do Instituto do Câncer do Estado de São Paulo. Coordenadora do Programa de Pós-Graduação em Cardiologia da FMUSP. Coordenadora da Cardiologia da Hospital Vila Nova Star e Coordenadora das UTIs Cardiológica e Cirúrgica do Hospital DF Star.</p>

<p>Professora Titular das Emergências Clínicas da Faculdade de Medicina da Universidade de São Paulo (FMUSP). Especialista em Cardiologia, Terapia Intensiva e Medicina de Emergência. Linhas de pesquisa têm como foco a Monitorização Hemodinâmica, Transfusão de Sangue no Paciente Crítico, Medicina perioperatória e Cardiologia intensiva. Diretora da Cardio-oncologia do Instituto do Coração do Hospital das Clínicas [&hellip;]</p>

<!-- This site is optimized with the Yoast SEO plugin v27.3 - https://yoast.com/product/yoast-seo-wordpress/ -->
<title>Ludhmila Abrahão Hajjar - IDOR - Instituto D&#039;Or de Pesquisa e Ensino</title>
<link rel="canonical" href="https://www.rededorsaoluiz.com.br/instituto/idor/post_scientists/ludhmila-abrahao-hajjar/" />
<meta property="og:locale" content="pt_BR" />
<meta property="og:type" content="article" />
<meta property="og:title" content="Ludhmila Abrahão Hajjar - IDOR - Instituto D&#039;Or de Pesquisa e Ensino" />
<meta property="og:description" content="Professora Titular das Emergências Clínicas da Faculdade de Medicina da Universidade de São Paulo (FMUSP). Especialista em Cardiologia, Terapia Intensiva e Medicina de Emergência. Linhas de pesquisa têm como foco a Monitorização Hemodinâmica, Transfusão de Sangue no Paciente Crítico, Medicina perioperatória e Cardiologia intensiva. Diretora da Cardio-oncologia do Instituto do Coração do Hospital das Clínicas [&hellip;]" />
<meta property="og:url" content="https://www.rededorsaoluiz.com.br/instituto/idor/post_scientists/ludhmila-abrahao-hajjar/" />
<meta property="og:site_name" content="IDOR - Instituto D&#039;Or de Pesquisa e Ensino" />
<meta property="article:modified_time" content="2026-01-21T18:35:56+00:00" />
<meta property="og:image" content="https://www.rededorsaoluiz.com.br/instituto/idor/wp-content/uploads/2025/12/Ludhmila-Abrahao-Hajjar-THUMB-2.jpg" />
	<meta property="og:image:width" content="538" />
	<meta property="og:image:height" content="400" />
	<meta property="og:image:type" content="image/jpeg" />
<meta name="twitter:card" content="summary_large_image" />
<meta name="twitter:label1" content="Est. tempo de leitura" />
	<meta name="twitter:data1" content="1 minuto" />
<script type="application/ld+json" class="yoast-schema-graph">{"@context":"https:\/\/schema.org","@graph":[{"@type":"WebPage","@id":"https:\/\/www.rededorsaoluiz.com.br\/instituto\/idor\/post_scientists\/ludhmila-abrahao-hajjar\/","url":"https:\/\/www.rededorsaoluiz.com.br\/instituto\/idor\/post_scientists\/ludhmila-abrahao-hajjar\/","name":"Ludhmila Abrahão Hajjar - IDOR - Instituto D&#039;Or de Pesquisa e Ensino","isPartOf":{"@id":"https:\/\/www.rededorsaoluiz.com.br\/instituto\/idor\/#website"},"primaryImageOfPage":{"@id":"https:\/\/www.rededorsaoluiz.com.br\/instituto\/idor\/post_scientists\/ludhmila-abrahao-hajjar\/#primaryimage"},"image":{"@id":"https:\/\/www.rededorsaoluiz.com.br\/instituto\/idor\/post_scientists\/ludhmila-abrahao-hajjar\/#primaryimage"},"thumbnailUrl":"https:\/\/www.rededorsaoluiz.com.br\/instituto\/idor\/wp-content\/uploads\/2025\/12\/Ludhmila-Abrahao-Hajjar-THUMB-2.jpg","datePublished":"2025-12-05T15:22:03+00:00","dateModified":"2026-01-21T18:35:56+00:00","breadcrumb":{"@id":"https:\/\/www.rededorsaoluiz.com.br\/instituto\/idor\/post_scientists\/ludhmila-abrahao-hajjar\/#breadcrumb"},"inLanguage":"pt-BR","potentialAction":[{"@type":"ReadAction","target":["https:\/\/www.rededorsaoluiz.com.br\/instituto\/idor\/post_scientists\/ludhmila-abrahao-hajjar\/"]}]},{"@type":"ImageObject","inLanguage":"pt-BR","@id":"https:\/\/www.rededorsaoluiz.com.br\/instituto\/idor\/post_scientists\/ludhmila-abrahao-hajjar\/#primaryimage","url":"https:\/\/www.rededorsaoluiz.com.br\/instituto\/idor\/wp-content\/uploads\/2025\/12\/Ludhmila-Abrahao-Hajjar-THUMB-2.jpg","contentUrl":"https:\/\/www.rededorsaoluiz.com.br\/instituto\/idor\/wp-content\/uploads\/2025\/12\/Ludhmila-Abrahao-Hajjar-THUMB-2.jpg","width":538,"height":400},{"@type":"BreadcrumbList","@id":"https:\/\/www.rededorsaoluiz.com.br\/instituto\/idor\/post_scientists\/ludhmila-abrahao-hajjar\/#breadcrumb","itemListElement":[{"@type":"ListItem","position":1,"name":"Início","item":"https:\/\/www.rededorsaoluiz.com.br\/instituto\/idor\/"},{"@type":"ListItem","position":2,"name":"Pesquisadores","item":"https:\/\/www.rededorsaoluiz.com.br\/instituto\/idor\/pesquisa\/pesquisadores\/"},{"@type":"ListItem","position":3,"name":"Ludhmila Abrahão Hajjar"}]},{"@type":"WebSite","@id":"https:\/\/www.rededorsaoluiz.com.br\/instituto\/idor\/#website","url":"https:\/\/www.rededorsaoluiz.com.br\/instituto\/idor\/","name":"IDOR - Instituto D&#039;Or de Pesquisa e Ensino","description":"","potentialAction":[{"@type":"SearchAction","target":{"@type":"EntryPoint","urlTemplate":"https:\/\/www.rededorsaoluiz.com.br\/instituto\/idor\/?s={search_term_string}"},"query-input":{"@type":"PropertyValueSpecification","valueRequired":true,"valueName":"search_term_string"}}],"inLanguage":"pt-BR"}]}</script>
<!-- / Yoast SEO plugin. -->

Ludhmila Abrahão Hajjar - IDOR - Instituto D&#039;Or de Pesquisa e Ensino

Professora Titular das Emergências Clínicas da Faculdade de Medicina da Universidade de São Paulo (FMUSP). Especialista em Cardiologia, Terapia Intensiva e Medicina de Emergência. Linhas de pesquisa têm como foco a Monitorização Hemodinâmica, Transfusão de Sangue no Paciente Crítico, Medicina perioperatória e Cardiologia intensiva. Diretora da Cardio-oncologia do Instituto do Coração do Hospital das Clínicas [&hellip;]

Início
